{"id":945,"date":"2026-04-23T12:55:16","date_gmt":"2026-04-23T10:55:16","guid":{"rendered":"https:\/\/shop.mira-fleur.de\/shop\/?post_type=product&#038;p=945"},"modified":"2026-04-23T12:55:17","modified_gmt":"2026-04-23T10:55:17","slug":"erdbeer-vase-pink","status":"publish","type":"product","link":"https:\/\/shop.mira-fleur.de\/shop\/produkt\/erdbeer-vase-pink\/","title":{"rendered":"Erdbeer Vase -Pink-"},"content":{"rendered":"<p><a href=\"https:\/\/shop.mira-fleur.de\/wp-content\/uploads\/2026\/04\/Vase_Strawberry_pink_200908_1.jpg\"><img fetchpriority=\"high\" decoding=\"async\" class=\"alignnone size-medium wp-image-947\" src=\"https:\/\/shop.mira-fleur.de\/wp-content\/uploads\/2026\/04\/Vase_Strawberry_pink_200908_1-240x300.jpg\" alt=\"\" width=\"240\" height=\"300\" srcset=\"https:\/\/shop.mira-fleur.de\/wp-content\/uploads\/2026\/04\/Vase_Strawberry_pink_200908_1-240x300.jpg 240w, https:\/\/shop.mira-fleur.de\/wp-content\/uploads\/2026\/04\/Vase_Strawberry_pink_200908_1-300x375.jpg 300w, https:\/\/shop.mira-fleur.de\/wp-content\/uploads\/2026\/04\/Vase_Strawberry_pink_200908_1.jpg 320w\" sizes=\"(max-width: 240px) 100vw, 240px\" \/><\/a> <a href=\"https:\/\/shop.mira-fleur.de\/wp-content\/uploads\/2026\/04\/Vase_Strawberry_pink_200908_2.jpg\"><img decoding=\"async\" class=\"alignnone size-medium wp-image-948\" src=\"https:\/\/shop.mira-fleur.de\/wp-content\/uploads\/2026\/04\/Vase_Strawberry_pink_200908_2-238x300.jpg\" alt=\"\" width=\"238\" height=\"300\" srcset=\"https:\/\/shop.mira-fleur.de\/wp-content\/uploads\/2026\/04\/Vase_Strawberry_pink_200908_2-238x300.jpg 238w, https:\/\/shop.mira-fleur.de\/wp-content\/uploads\/2026\/04\/Vase_Strawberry_pink_200908_2-300x379.jpg 300w, https:\/\/shop.mira-fleur.de\/wp-content\/uploads\/2026\/04\/Vase_Strawberry_pink_200908_2.jpg 317w\" sizes=\"(max-width: 238px) 100vw, 238px\" \/><\/a> <a href=\"https:\/\/shop.mira-fleur.de\/wp-content\/uploads\/2026\/04\/Vase_Strawberry_pink_200908_3.jpg\"><img decoding=\"async\" class=\"alignnone size-medium wp-image-949\" src=\"https:\/\/shop.mira-fleur.de\/wp-content\/uploads\/2026\/04\/Vase_Strawberry_pink_200908_3-173x300.jpg\" alt=\"\" width=\"173\" height=\"300\" srcset=\"https:\/\/shop.mira-fleur.de\/wp-content\/uploads\/2026\/04\/Vase_Strawberry_pink_200908_3-173x300.jpg 173w, https:\/\/shop.mira-fleur.de\/wp-content\/uploads\/2026\/04\/Vase_Strawberry_pink_200908_3.jpg 231w\" sizes=\"(max-width: 173px) 100vw, 173px\" \/><\/a> <a href=\"https:\/\/shop.mira-fleur.de\/wp-content\/uploads\/2026\/04\/Vase_Strawberry_pink_200908_4.jpg\"><img loading=\"lazy\" decoding=\"async\" class=\"alignnone size-medium wp-image-950\" src=\"https:\/\/shop.mira-fleur.de\/wp-content\/uploads\/2026\/04\/Vase_Strawberry_pink_200908_4-195x300.jpg\" alt=\"\" width=\"195\" height=\"300\" srcset=\"https:\/\/shop.mira-fleur.de\/wp-content\/uploads\/2026\/04\/Vase_Strawberry_pink_200908_4-195x300.jpg 195w, https:\/\/shop.mira-fleur.de\/wp-content\/uploads\/2026\/04\/Vase_Strawberry_pink_200908_4.jpg 260w\" sizes=\"(max-width: 195px) 100vw, 195px\" \/><\/a> <a href=\"https:\/\/shop.mira-fleur.de\/wp-content\/uploads\/2026\/04\/Vase_Strawberry_pink_200908_5.jpg\"><img loading=\"lazy\" decoding=\"async\" class=\"alignnone size-medium wp-image-951\" src=\"https:\/\/shop.mira-fleur.de\/wp-content\/uploads\/2026\/04\/Vase_Strawberry_pink_200908_5-217x300.jpg\" alt=\"\" width=\"217\" height=\"300\" srcset=\"https:\/\/shop.mira-fleur.de\/wp-content\/uploads\/2026\/04\/Vase_Strawberry_pink_200908_5-217x300.jpg 217w, https:\/\/shop.mira-fleur.de\/wp-content\/uploads\/2026\/04\/Vase_Strawberry_pink_200908_5.jpg 289w\" sizes=\"(max-width: 217px) 100vw, 217px\" \/><\/a><\/p>\n<p>Erdbeere Vase in Pink<\/p>\n<p>Diese handwerklich gefertigte Vase ist detailreich verziert, und ist vielseitig nutzbar.\u00a0 Diese Vase kann\u00a0 mit Schnittblumen und mit Pflanzen dekoriert werden; diese\u00a0 Vase wirkt auch solit\u00e4r wirklich apart.<\/p>\n<p>Diese Vase ist ein ganz wunderbares Geschenk, und\u00a0 versch\u00f6nert auch Ihr zu Hause.<\/p>\n<p>Dieses Einzelst\u00fcck ist in dieser au\u00dfergew\u00f6hnlichen Farbkombination nur noch limitiert bei uns erh\u00e4ltlich; seien Sie schnell \ud83d\ude09<\/p>\n<p>Durchmesser: 21cm<\/p>\n<p>H\u00f6he: 31cm<\/p>\n<p>Artikelnummer: MT200908<\/p>\n","protected":false},"excerpt":{"rendered":"<p>Erdbeere Vase in Pink<\/p>\n<p>Diese handwerklich gefertigte Vase ist detailreich verziert, und ist vielseitig nutzbar.\u00a0 Diese Vase kann\u00a0 mit Schnittblumen und mit Pflanzen dekoriert werden; diese\u00a0 Vase wirkt auch solit\u00e4r wirklich apart.<\/p>\n<p>Diese Vase ist ein ganz wunderbares Geschenk, und\u00a0 versch\u00f6nert auch Ihr zu Hause.<\/p>\n<p>Dieses Einzelst\u00fcck ist in dieser au\u00dfergew\u00f6hnlichen Farbkombination nur noch limitiert bei uns erh\u00e4ltlich; seien Sie schnell \ud83d\ude09<\/p>\n<p>Durchmesser: 21cm<\/p>\n<p>H\u00f6he: 31cm<\/p>\n<p>Artikelnummer: MT200908<\/p>\n<p>&nbsp;<\/p>\n<h6><strong>UNSERE KLEINODE SIND HANDWERKLICH HERGESTELLT, UND SOMIT K\u00d6NNEN DIE GELIEFERTEN ARTIKEL MINIMAL IN FARBE UND GR\u00d6SSE VARIIEREN<\/strong><\/h6>\n<h6><strong>MINIMALE ABWEICHUNGEN SIND EIN QUALIT\u00c4TSMERKMAL, UND STELLEN KEINEN MANGEL DA.<\/strong><\/h6>\n<h6><strong>\u00a0<\/strong><\/h6>\n<h6><strong>F\u00dcR R\u00dcCKFRAGEN STEHEN WIR JEDERZEIT ZUR VERF\u00dcGUNG; GERNE PERS\u00d6NLICH, ODER AUCH AM TELEFON.<\/strong><\/h6>\n","protected":false},"featured_media":951,"template":"","meta":[],"product_brand":[],"product_cat":[109,20,108,29,104],"product_tag":[38,37,41,75,40,45,52,35],"class_list":{"0":"post-945","1":"product","2":"type-product","3":"status-publish","4":"has-post-thumbnail","6":"product_cat-dekoration","7":"product_cat-fruehjahr","8":"product_cat-keramik","9":"product_cat-sale","10":"product_cat-sommer","11":"product_tag-accessoires","12":"product_tag-dekoration","13":"product_tag-gift","14":"product_tag-handwerkskunst","15":"product_tag-living","16":"product_tag-pflanzgefaess","17":"product_tag-schoener-leben","18":"product_tag-vase","19":"product_shipping_class-groessere-pakete","21":"first","22":"instock","23":"sale","24":"taxable","25":"shipping-taxable","26":"purchasable","27":"product-type-simple"},"_links":{"self":[{"href":"https:\/\/shop.mira-fleur.de\/shop\/wp-json\/wp\/v2\/product\/945","targetHints":{"allow":["GET"]}}],"collection":[{"href":"https:\/\/shop.mira-fleur.de\/shop\/wp-json\/wp\/v2\/product"}],"about":[{"href":"https:\/\/shop.mira-fleur.de\/shop\/wp-json\/wp\/v2\/types\/product"}],"wp:featuredmedia":[{"embeddable":true,"href":"https:\/\/shop.mira-fleur.de\/shop\/wp-json\/wp\/v2\/media\/951"}],"wp:attachment":[{"href":"https:\/\/shop.mira-fleur.de\/shop\/wp-json\/wp\/v2\/media?parent=945"}],"wp:term":[{"taxonomy":"product_brand","embeddable":true,"href":"https:\/\/shop.mira-fleur.de\/shop\/wp-json\/wp\/v2\/product_brand?post=945"},{"taxonomy":"product_cat","embeddable":true,"href":"https:\/\/shop.mira-fleur.de\/shop\/wp-json\/wp\/v2\/product_cat?post=945"},{"taxonomy":"product_tag","embeddable":true,"href":"https:\/\/shop.mira-fleur.de\/shop\/wp-json\/wp\/v2\/product_tag?post=945"}],"curies":[{"name":"wp","href":"https:\/\/api.w.org\/{rel}","templated":true}]}}