{"id":887,"date":"2026-01-31T11:27:58","date_gmt":"2026-01-31T10:27:58","guid":{"rendered":"https:\/\/shop.mira-fleur.de\/shop\/?post_type=product&#038;p=887"},"modified":"2026-01-31T11:30:48","modified_gmt":"2026-01-31T10:30:48","slug":"kissen-gobelin-reh","status":"publish","type":"product","link":"https:\/\/shop.mira-fleur.de\/shop\/produkt\/kissen-gobelin-reh\/","title":{"rendered":"Kissen  &#8222;Gobelin Reh&#8220;"},"content":{"rendered":"<p>Kissen 45x45cm Gobelin Reh<\/p>\n<p>Dieses Handarbeit Zierkissen\u00a0 aus Belgien bietet Ihnen eine luxuri\u00f6se Kollektion von Wohn- und Lifestyle-Produkten aus nachhaltig beschafften Materialien. Dieser\u00a0 Artikel zeichnet sich durch hohe Qualit\u00e4t und einzigartiges\u00a0 Designs aus nat\u00fcrlichem Material wie Baumwolle aus.<\/p>\n<p>Dieses handwerklich hochwertige Kissen hat einen Rei\u00dfverschluss, und l\u00e4sst sich bis 30 Grad in der Waschmaschine waschen.<\/p>\n<p>Dieses Kissen wird mit F\u00fcllung geliefert.<\/p>\n<p>Dieser wunderbarer Artikel ist im SALE weil wir das\u00a0 Kissen im Laden dekoriert hatten, und es nicht neuwertig ist. Dadurch ist ein Versand nicht m\u00f6glich (keine R\u00fccknahme) ; wir bieten eine Abholung bei uns im Gesch\u00e4ft an, um das Kissen vor Ort in Augenschein zu nehmen.<\/p>\n<p>&nbsp;<\/p>\n<p>&nbsp;<\/p>\n<p>&nbsp;<\/p>\n<p>Material: Baumwolle<\/p>\n<p>Gr\u00f6\u00dfe: ca. 45x45cm<\/p>\n<p>Artikelnummer:\u00a0KL91855<\/p>\n<p><a href=\"https:\/\/shop.mira-fleur.de\/wp-content\/uploads\/2026\/01\/Kissen_Gobelin_Reh_91855.jpg\"><img fetchpriority=\"high\" decoding=\"async\" class=\"alignnone size-medium wp-image-888\" src=\"https:\/\/shop.mira-fleur.de\/wp-content\/uploads\/2026\/01\/Kissen_Gobelin_Reh_91855-300x300.jpg\" alt=\"\" width=\"300\" height=\"300\" srcset=\"https:\/\/shop.mira-fleur.de\/wp-content\/uploads\/2026\/01\/Kissen_Gobelin_Reh_91855-300x300.jpg 300w, https:\/\/shop.mira-fleur.de\/wp-content\/uploads\/2026\/01\/Kissen_Gobelin_Reh_91855-150x150.jpg 150w, https:\/\/shop.mira-fleur.de\/wp-content\/uploads\/2026\/01\/Kissen_Gobelin_Reh_91855-100x100.jpg 100w, https:\/\/shop.mira-fleur.de\/wp-content\/uploads\/2026\/01\/Kissen_Gobelin_Reh_91855.jpg 400w\" sizes=\"(max-width: 300px) 100vw, 300px\" \/><\/a> <a href=\"https:\/\/shop.mira-fleur.de\/wp-content\/uploads\/2026\/01\/Kissen_Gobelin_Reh_91855_2.jpg\"><img decoding=\"async\" class=\"alignnone size-medium wp-image-889\" src=\"https:\/\/shop.mira-fleur.de\/wp-content\/uploads\/2026\/01\/Kissen_Gobelin_Reh_91855_2.jpg\" alt=\"\" width=\"184\" height=\"200\" \/><\/a> <a href=\"https:\/\/shop.mira-fleur.de\/wp-content\/uploads\/2026\/01\/Kissen_Gobelin_Reh_91855_3.jpg\"><img decoding=\"async\" class=\"alignnone size-medium wp-image-890\" src=\"https:\/\/shop.mira-fleur.de\/wp-content\/uploads\/2026\/01\/Kissen_Gobelin_Reh_91855_3.jpg\" alt=\"\" width=\"178\" height=\"200\" \/><\/a> <a href=\"https:\/\/shop.mira-fleur.de\/wp-content\/uploads\/2026\/01\/Kissen_Gobelin_Reh_91855_4.jpg\"><img loading=\"lazy\" decoding=\"async\" class=\"alignnone size-medium wp-image-891\" src=\"https:\/\/shop.mira-fleur.de\/wp-content\/uploads\/2026\/01\/Kissen_Gobelin_Reh_91855_4-293x300.jpg\" alt=\"\" width=\"293\" height=\"300\" srcset=\"https:\/\/shop.mira-fleur.de\/wp-content\/uploads\/2026\/01\/Kissen_Gobelin_Reh_91855_4-293x300.jpg 293w, https:\/\/shop.mira-fleur.de\/wp-content\/uploads\/2026\/01\/Kissen_Gobelin_Reh_91855_4-300x308.jpg 300w, https:\/\/shop.mira-fleur.de\/wp-content\/uploads\/2026\/01\/Kissen_Gobelin_Reh_91855_4.jpg 585w\" sizes=\"(max-width: 293px) 100vw, 293px\" \/><\/a><\/p>\n","protected":false},"excerpt":{"rendered":"<p>Kissen 45x45cm Gobelin Reh<\/p>\n<p>Dieses Handarbeit Zierkissen\u00a0 aus Belgien bietet Ihnen eine luxuri\u00f6se Kollektion von Wohn- und Lifestyle-Produkten aus nachhaltig beschafften Materialien. Dieser\u00a0 Artikel zeichnet sich durch hohe Qualit\u00e4t und einzigartiges\u00a0 Designs aus nat\u00fcrlichem Material wie Baumwolle aus.<\/p>\n<p>Dieses handwerklich hochwertige Kissen hat einen Rei\u00dfverschluss, und l\u00e4sst sich bis 30 Grad in der Waschmaschine waschen.<\/p>\n<p>Dieses Kissen wird mit F\u00fcllung geliefert.<\/p>\n<p>Dieser wunderbarer Artikel ist im SALE weil wir das\u00a0 Kissen im Laden dekoriert hatten, und es nicht neuwertig ist. Dadurch ist ein Versand nicht m\u00f6glich (keine R\u00fccknahme) ; wir bieten eine Abholung bei uns im Gesch\u00e4ft an, um das Kissen vor Ort in Augenschein zu nehmen.<\/p>\n<p>&nbsp;<\/p>\n<p>&nbsp;<\/p>\n<p>&nbsp;<\/p>\n<p>Material: Baumwolle<\/p>\n<p>Gr\u00f6\u00dfe: ca. 45x45cm<\/p>\n<p>Artikelnummer:\u00a0KL91855<\/p>\n<p>&nbsp;<\/p>\n<h6><strong>UNSERE KLEINODE SIND HANDWERKLICH HERGESTELLT, UND SOMIT K\u00d6NNEN DIE GELIEFERTEN ARTIKEL MINIMAL IN FARBE UND GR\u00d6SSE VARIIEREN<\/strong><\/h6>\n<h6><strong>MINIMALE ABWEICHUNGEN SIND EIN QUALIT\u00c4TSMERKMAL, UND STELLEN KEINEN MANGEL DA.<\/strong><\/h6>\n<h6><strong>\u00a0<\/strong><\/h6>\n<h6><strong>F\u00dcR R\u00dcCKFRAGEN STEHEN WIR JEDERZEIT ZUR VERF\u00dcGUNG; GERNE PERS\u00d6NLICH, ODER AUCH AM TELEFON.<\/strong><\/h6>\n","protected":false},"featured_media":888,"template":"","meta":[],"product_brand":[],"product_cat":[113,29],"product_tag":[76,37,78,75,40],"class_list":{"0":"post-887","1":"product","2":"type-product","3":"status-publish","4":"has-post-thumbnail","6":"product_cat-inneneinrichtung","7":"product_cat-sale","8":"product_tag-boho","9":"product_tag-dekoration","10":"product_tag-ethnostyle","11":"product_tag-handwerkskunst","12":"product_tag-living","13":"product_shipping_class-abholung-im-geschaeft-kostenlos","15":"first","16":"instock","17":"sale","18":"taxable","19":"shipping-taxable","20":"purchasable","21":"product-type-simple"},"_links":{"self":[{"href":"https:\/\/shop.mira-fleur.de\/shop\/wp-json\/wp\/v2\/product\/887","targetHints":{"allow":["GET"]}}],"collection":[{"href":"https:\/\/shop.mira-fleur.de\/shop\/wp-json\/wp\/v2\/product"}],"about":[{"href":"https:\/\/shop.mira-fleur.de\/shop\/wp-json\/wp\/v2\/types\/product"}],"wp:featuredmedia":[{"embeddable":true,"href":"https:\/\/shop.mira-fleur.de\/shop\/wp-json\/wp\/v2\/media\/888"}],"wp:attachment":[{"href":"https:\/\/shop.mira-fleur.de\/shop\/wp-json\/wp\/v2\/media?parent=887"}],"wp:term":[{"taxonomy":"product_brand","embeddable":true,"href":"https:\/\/shop.mira-fleur.de\/shop\/wp-json\/wp\/v2\/product_brand?post=887"},{"taxonomy":"product_cat","embeddable":true,"href":"https:\/\/shop.mira-fleur.de\/shop\/wp-json\/wp\/v2\/product_cat?post=887"},{"taxonomy":"product_tag","embeddable":true,"href":"https:\/\/shop.mira-fleur.de\/shop\/wp-json\/wp\/v2\/product_tag?post=887"}],"curies":[{"name":"wp","href":"https:\/\/api.w.org\/{rel}","templated":true}]}}