{"id":843,"date":"2025-10-30T21:04:44","date_gmt":"2025-10-30T20:04:44","guid":{"rendered":"https:\/\/shop.mira-fleur.de\/shop\/?post_type=product&#038;p=843"},"modified":"2025-10-30T21:04:44","modified_gmt":"2025-10-30T20:04:44","slug":"fussmatte-rosa-lobster","status":"publish","type":"product","link":"https:\/\/shop.mira-fleur.de\/shop\/produkt\/fussmatte-rosa-lobster\/","title":{"rendered":"Fussmatte rosa &#8222;Lobster&#8220;"},"content":{"rendered":"<p><a href=\"https:\/\/shop.mira-fleur.de\/wp-content\/uploads\/2025\/10\/Fussmatte_rosa_Lobster.jpg\"><img fetchpriority=\"high\" decoding=\"async\" class=\"alignnone size-medium wp-image-844\" src=\"https:\/\/shop.mira-fleur.de\/wp-content\/uploads\/2025\/10\/Fussmatte_rosa_Lobster-300x179.jpg\" alt=\"\" width=\"300\" height=\"179\" srcset=\"https:\/\/shop.mira-fleur.de\/wp-content\/uploads\/2025\/10\/Fussmatte_rosa_Lobster-300x179.jpg 300w, https:\/\/shop.mira-fleur.de\/wp-content\/uploads\/2025\/10\/Fussmatte_rosa_Lobster-1024x611.jpg 1024w, https:\/\/shop.mira-fleur.de\/wp-content\/uploads\/2025\/10\/Fussmatte_rosa_Lobster-768x458.jpg 768w, https:\/\/shop.mira-fleur.de\/wp-content\/uploads\/2025\/10\/Fussmatte_rosa_Lobster-600x358.jpg 600w, https:\/\/shop.mira-fleur.de\/wp-content\/uploads\/2025\/10\/Fussmatte_rosa_Lobster.jpg 1341w\" sizes=\"(max-width: 300px) 100vw, 300px\" \/><\/a><\/p>\n<p>Fu\u00dfmatte in Rosa mit Roter Schrift<\/p>\n<p>Diese au\u00dfergew\u00f6hnliche Fu\u00dfmatte ist das Highlight vor jeder Haust\u00fcr und ein Statement f\u00fcr jeden Besuchenden<\/p>\n<p>Gr\u00f6\u00dfe: 75cm Breit, 45cm Lang, 1,5cm Hoch<\/p>\n<p>60% Kokos, 40% PVC (Vinyl-R\u00fccken gegen verrutschen auf glattem Untergrund)<\/p>\n<p>Artikelnummer: GC1209101012<\/p>\n","protected":false},"excerpt":{"rendered":"<p>Fu\u00dfmatte in Rosa mit Roter Schrift<\/p>\n<p>Diese au\u00dfergew\u00f6hnliche Fu\u00dfmatte ist das Highlight vor jeder Haust\u00fcr und ein Statement f\u00fcr jeden Besuchenden<\/p>\n<p>Gr\u00f6\u00dfe: 75cm Breit, 45cm Lang, 1,5cm Hoch<\/p>\n<p>60% Kokos, 40% PVC (Vinyl-R\u00fccken gegen verrutschen auf glattem Untergrund)<\/p>\n<p>Artikelnummer: GC1209101012<\/p>\n<p>&nbsp;<\/p>\n<h6><strong>UNSERE KLEINODE SIND HANDWERKLICH HERGESTELLT, UND SOMIT K\u00d6NNEN DIE GELIEFERTEN ARTIKEL MINIMAL IN FARBE UND GR\u00d6SSE VARIIEREN<\/strong><\/h6>\n<h6><strong>MINIMALE ABWEICHUNGEN SIND EIN QUALIT\u00c4TSMERKMAL, UND STELLEN KEINEN MANGEL DA.<\/strong><\/h6>\n<h6><strong>\u00a0<\/strong><\/h6>\n<h6><strong>F\u00dcR R\u00dcCKFRAGEN STEHEN WIR JEDERZEIT ZUR VERF\u00dcGUNG; GERNE PERS\u00d6NLICH, ODER AUCH AM TELEFON.<\/strong><\/h6>\n","protected":false},"featured_media":844,"template":"","meta":[],"product_brand":[],"product_cat":[109,110,27,26],"product_tag":[38,37,41,75,52],"class_list":{"0":"post-843","1":"product","2":"type-product","3":"status-publish","4":"has-post-thumbnail","6":"product_cat-dekoration","7":"product_cat-geschenke","8":"product_cat-indoor","9":"product_cat-outdoor","10":"product_tag-accessoires","11":"product_tag-dekoration","12":"product_tag-gift","13":"product_tag-handwerkskunst","14":"product_tag-schoener-leben","15":"product_shipping_class-mittlere-pakete","17":"first","18":"instock","19":"taxable","20":"shipping-taxable","21":"purchasable","22":"product-type-simple"},"_links":{"self":[{"href":"https:\/\/shop.mira-fleur.de\/shop\/wp-json\/wp\/v2\/product\/843","targetHints":{"allow":["GET"]}}],"collection":[{"href":"https:\/\/shop.mira-fleur.de\/shop\/wp-json\/wp\/v2\/product"}],"about":[{"href":"https:\/\/shop.mira-fleur.de\/shop\/wp-json\/wp\/v2\/types\/product"}],"wp:featuredmedia":[{"embeddable":true,"href":"https:\/\/shop.mira-fleur.de\/shop\/wp-json\/wp\/v2\/media\/844"}],"wp:attachment":[{"href":"https:\/\/shop.mira-fleur.de\/shop\/wp-json\/wp\/v2\/media?parent=843"}],"wp:term":[{"taxonomy":"product_brand","embeddable":true,"href":"https:\/\/shop.mira-fleur.de\/shop\/wp-json\/wp\/v2\/product_brand?post=843"},{"taxonomy":"product_cat","embeddable":true,"href":"https:\/\/shop.mira-fleur.de\/shop\/wp-json\/wp\/v2\/product_cat?post=843"},{"taxonomy":"product_tag","embeddable":true,"href":"https:\/\/shop.mira-fleur.de\/shop\/wp-json\/wp\/v2\/product_tag?post=843"}],"curies":[{"name":"wp","href":"https:\/\/api.w.org\/{rel}","templated":true}]}}