{"id":792,"date":"2025-08-28T16:54:21","date_gmt":"2025-08-28T14:54:21","guid":{"rendered":"https:\/\/shop.mira-fleur.de\/shop\/?post_type=product&#038;p=792"},"modified":"2025-08-28T16:55:04","modified_gmt":"2025-08-28T14:55:04","slug":"fisch-vase-gold-xs","status":"publish","type":"product","link":"https:\/\/shop.mira-fleur.de\/shop\/produkt\/fisch-vase-gold-xs\/","title":{"rendered":"Fisch Vase GOLD XS"},"content":{"rendered":"<p><a href=\"https:\/\/shop.mira-fleur.de\/wp-content\/uploads\/2025\/08\/Fisch_Vase_Gold_XS.jpg\"><img fetchpriority=\"high\" decoding=\"async\" class=\"alignnone size-medium wp-image-778\" src=\"https:\/\/shop.mira-fleur.de\/wp-content\/uploads\/2025\/08\/Fisch_Vase_Gold_XS-279x300.jpg\" alt=\"\" width=\"279\" height=\"300\" srcset=\"https:\/\/shop.mira-fleur.de\/wp-content\/uploads\/2025\/08\/Fisch_Vase_Gold_XS-279x300.jpg 279w, https:\/\/shop.mira-fleur.de\/wp-content\/uploads\/2025\/08\/Fisch_Vase_Gold_XS-300x323.jpg 300w, https:\/\/shop.mira-fleur.de\/wp-content\/uploads\/2025\/08\/Fisch_Vase_Gold_XS-600x646.jpg 600w, https:\/\/shop.mira-fleur.de\/wp-content\/uploads\/2025\/08\/Fisch_Vase_Gold_XS.jpg 743w\" sizes=\"(max-width: 279px) 100vw, 279px\" \/><\/a><\/p>\n<p>Fisch als Vase in Gold &#8222;Monsieur Carafon&#8220; XS<\/p>\n<p>Gr\u00f6\u00dfe: 9,5cm Hoch 13cm Breit 6cm Tief<\/p>\n<p>Inhalt: ca. 0,2 Liter<\/p>\n<p>Steingut, handbemalt<\/p>\n<p>Artikel:GC1087402021<\/p>\n","protected":false},"excerpt":{"rendered":"<p>Fisch als Vase in Gold &#8222;Monsieur Carafon&#8220; XS<\/p>\n<p>Gr\u00f6\u00dfe: 9,5cm Hoch 13cm Breit 6cm Tief<\/p>\n<p>Inhalt: ca. 0,2 Liter<\/p>\n<p>Steingut, handbemalt<\/p>\n<p>Artikel:GC1087402021<\/p>\n<p>&nbsp;<\/p>\n<h6><strong>UNSERE KLEINODE SIND HANDWERKLICH HERGESTELLT, UND SOMIT K\u00d6NNEN DIE GELIEFERTEN ARTIKEL MINIMAL IN FARBE UND GR\u00d6SSE VARIIEREN<\/strong><\/h6>\n<h6><strong>MINIMALE ABWEICHUNGEN SIND EIN QUALIT\u00c4TSMERKMAL, UND STELLEN KEINEN MANGEL DA.<\/strong><\/h6>\n<h6><strong>\u00a0<\/strong><\/h6>\n<h6><strong>F\u00dcR R\u00dcCKFRAGEN STEHEN WIR JEDERZEIT ZUR VERF\u00dcGUNG; GERNE PERS\u00d6NLICH, ODER AUCH AM TELEFON.<\/strong><\/h6>\n","protected":false},"featured_media":778,"template":"","meta":[],"product_brand":[],"product_cat":[86,109,26,42,70],"product_tag":[38,36,37,41,55,39,40,52],"class_list":{"0":"post-792","1":"product","2":"type-product","3":"status-publish","4":"has-post-thumbnail","6":"product_cat-accessoires","7":"product_cat-dekoration","8":"product_cat-outdoor","9":"product_cat-steingut","10":"product_cat-vasen","11":"product_tag-accessoires","12":"product_tag-blumen","13":"product_tag-dekoration","14":"product_tag-gift","15":"product_tag-gold","16":"product_tag-indoor","17":"product_tag-living","18":"product_tag-schoener-leben","19":"product_shipping_class-kleine-pakete","21":"first","22":"instock","23":"taxable","24":"shipping-taxable","25":"purchasable","26":"product-type-simple"},"_links":{"self":[{"href":"https:\/\/shop.mira-fleur.de\/shop\/wp-json\/wp\/v2\/product\/792","targetHints":{"allow":["GET"]}}],"collection":[{"href":"https:\/\/shop.mira-fleur.de\/shop\/wp-json\/wp\/v2\/product"}],"about":[{"href":"https:\/\/shop.mira-fleur.de\/shop\/wp-json\/wp\/v2\/types\/product"}],"wp:featuredmedia":[{"embeddable":true,"href":"https:\/\/shop.mira-fleur.de\/shop\/wp-json\/wp\/v2\/media\/778"}],"wp:attachment":[{"href":"https:\/\/shop.mira-fleur.de\/shop\/wp-json\/wp\/v2\/media?parent=792"}],"wp:term":[{"taxonomy":"product_brand","embeddable":true,"href":"https:\/\/shop.mira-fleur.de\/shop\/wp-json\/wp\/v2\/product_brand?post=792"},{"taxonomy":"product_cat","embeddable":true,"href":"https:\/\/shop.mira-fleur.de\/shop\/wp-json\/wp\/v2\/product_cat?post=792"},{"taxonomy":"product_tag","embeddable":true,"href":"https:\/\/shop.mira-fleur.de\/shop\/wp-json\/wp\/v2\/product_tag?post=792"}],"curies":[{"name":"wp","href":"https:\/\/api.w.org\/{rel}","templated":true}]}}