{"id":740,"date":"2025-03-12T15:18:38","date_gmt":"2025-03-12T14:18:38","guid":{"rendered":"https:\/\/shop.mira-fleur.de\/shop\/?post_type=product&#038;p=740"},"modified":"2025-03-12T15:31:05","modified_gmt":"2025-03-12T14:31:05","slug":"leuchter-flaschen-2-3-reihig","status":"publish","type":"product","link":"https:\/\/shop.mira-fleur.de\/shop\/produkt\/leuchter-flaschen-2-3-reihig\/","title":{"rendered":"Leuchter &#8222;Flaschen&#8220;  2\/3 reihig"},"content":{"rendered":"<p><a href=\"https:\/\/shop.mira-fleur.de\/wp-content\/uploads\/2025\/03\/FlaschenLeuchter_PTMD_Detail_5.jpg\"><img fetchpriority=\"high\" decoding=\"async\" class=\"alignnone size-medium wp-image-746\" src=\"https:\/\/shop.mira-fleur.de\/wp-content\/uploads\/2025\/03\/FlaschenLeuchter_PTMD_Detail_5-198x300.jpg\" alt=\"\" width=\"198\" height=\"300\" srcset=\"https:\/\/shop.mira-fleur.de\/wp-content\/uploads\/2025\/03\/FlaschenLeuchter_PTMD_Detail_5-198x300.jpg 198w, https:\/\/shop.mira-fleur.de\/wp-content\/uploads\/2025\/03\/FlaschenLeuchter_PTMD_Detail_5.jpg 264w\" sizes=\"(max-width: 198px) 100vw, 198px\" \/><\/a><a href=\"https:\/\/shop.mira-fleur.de\/wp-content\/uploads\/2025\/03\/FlaschenLeuchter_PTMD_Detail_6.jpg\"><img decoding=\"async\" class=\"alignnone size-medium wp-image-747\" src=\"https:\/\/shop.mira-fleur.de\/wp-content\/uploads\/2025\/03\/FlaschenLeuchter_PTMD_Detail_6-300x300.jpg\" alt=\"\" width=\"300\" height=\"300\" srcset=\"https:\/\/shop.mira-fleur.de\/wp-content\/uploads\/2025\/03\/FlaschenLeuchter_PTMD_Detail_6-300x300.jpg 300w, https:\/\/shop.mira-fleur.de\/wp-content\/uploads\/2025\/03\/FlaschenLeuchter_PTMD_Detail_6-150x150.jpg 150w, https:\/\/shop.mira-fleur.de\/wp-content\/uploads\/2025\/03\/FlaschenLeuchter_PTMD_Detail_6-100x100.jpg 100w, https:\/\/shop.mira-fleur.de\/wp-content\/uploads\/2025\/03\/FlaschenLeuchter_PTMD_Detail_6.jpg 400w\" sizes=\"(max-width: 300px) 100vw, 300px\" \/><\/a><a href=\"https:\/\/shop.mira-fleur.de\/wp-content\/uploads\/2025\/03\/FlaschenLeuchter_PTMD.jpg\"><img decoding=\"async\" class=\"alignnone size-medium wp-image-741\" src=\"https:\/\/shop.mira-fleur.de\/wp-content\/uploads\/2025\/03\/FlaschenLeuchter_PTMD-141x300.jpg\" alt=\"\" width=\"141\" height=\"300\" srcset=\"https:\/\/shop.mira-fleur.de\/wp-content\/uploads\/2025\/03\/FlaschenLeuchter_PTMD-141x300.jpg 141w, https:\/\/shop.mira-fleur.de\/wp-content\/uploads\/2025\/03\/FlaschenLeuchter_PTMD.jpg 188w\" sizes=\"(max-width: 141px) 100vw, 141px\" \/><\/a> <a href=\"https:\/\/shop.mira-fleur.de\/wp-content\/uploads\/2025\/03\/FlaschenLeuchter_PTMD_Detail_1.jpg\"><img loading=\"lazy\" decoding=\"async\" class=\"alignnone size-medium wp-image-742\" src=\"https:\/\/shop.mira-fleur.de\/wp-content\/uploads\/2025\/03\/FlaschenLeuchter_PTMD_Detail_1-300x300.jpg\" alt=\"\" width=\"300\" height=\"300\" srcset=\"https:\/\/shop.mira-fleur.de\/wp-content\/uploads\/2025\/03\/FlaschenLeuchter_PTMD_Detail_1-300x300.jpg 300w, https:\/\/shop.mira-fleur.de\/wp-content\/uploads\/2025\/03\/FlaschenLeuchter_PTMD_Detail_1-150x150.jpg 150w, https:\/\/shop.mira-fleur.de\/wp-content\/uploads\/2025\/03\/FlaschenLeuchter_PTMD_Detail_1-100x100.jpg 100w, https:\/\/shop.mira-fleur.de\/wp-content\/uploads\/2025\/03\/FlaschenLeuchter_PTMD_Detail_1.jpg 402w\" sizes=\"(max-width: 300px) 100vw, 300px\" \/><\/a> <a href=\"https:\/\/shop.mira-fleur.de\/wp-content\/uploads\/2025\/03\/FlaschenLeuchter_PTMD_Detail_2.jpg\"><img loading=\"lazy\" decoding=\"async\" class=\"alignnone size-medium wp-image-743\" src=\"https:\/\/shop.mira-fleur.de\/wp-content\/uploads\/2025\/03\/FlaschenLeuchter_PTMD_Detail_2-300x300.jpg\" alt=\"\" width=\"300\" height=\"300\" srcset=\"https:\/\/shop.mira-fleur.de\/wp-content\/uploads\/2025\/03\/FlaschenLeuchter_PTMD_Detail_2-300x300.jpg 300w, https:\/\/shop.mira-fleur.de\/wp-content\/uploads\/2025\/03\/FlaschenLeuchter_PTMD_Detail_2-150x150.jpg 150w, https:\/\/shop.mira-fleur.de\/wp-content\/uploads\/2025\/03\/FlaschenLeuchter_PTMD_Detail_2-100x100.jpg 100w, https:\/\/shop.mira-fleur.de\/wp-content\/uploads\/2025\/03\/FlaschenLeuchter_PTMD_Detail_2.jpg 400w\" sizes=\"(max-width: 300px) 100vw, 300px\" \/><\/a> <a href=\"https:\/\/shop.mira-fleur.de\/wp-content\/uploads\/2025\/03\/FlaschenLeuchter_PTMD_Detail_3.jpg\"><img loading=\"lazy\" decoding=\"async\" class=\"alignnone size-medium wp-image-744\" src=\"https:\/\/shop.mira-fleur.de\/wp-content\/uploads\/2025\/03\/FlaschenLeuchter_PTMD_Detail_3-300x300.jpg\" alt=\"\" width=\"300\" height=\"300\" srcset=\"https:\/\/shop.mira-fleur.de\/wp-content\/uploads\/2025\/03\/FlaschenLeuchter_PTMD_Detail_3-300x300.jpg 300w, https:\/\/shop.mira-fleur.de\/wp-content\/uploads\/2025\/03\/FlaschenLeuchter_PTMD_Detail_3-150x150.jpg 150w, https:\/\/shop.mira-fleur.de\/wp-content\/uploads\/2025\/03\/FlaschenLeuchter_PTMD_Detail_3-100x100.jpg 100w, https:\/\/shop.mira-fleur.de\/wp-content\/uploads\/2025\/03\/FlaschenLeuchter_PTMD_Detail_3.jpg 400w\" sizes=\"(max-width: 300px) 100vw, 300px\" \/><\/a> <a href=\"https:\/\/shop.mira-fleur.de\/wp-content\/uploads\/2025\/03\/FlaschenLeuchter_PTMD_Detail_4.jpg\"><img loading=\"lazy\" decoding=\"async\" class=\"alignnone size-medium wp-image-745\" src=\"https:\/\/shop.mira-fleur.de\/wp-content\/uploads\/2025\/03\/FlaschenLeuchter_PTMD_Detail_4-300x300.jpg\" alt=\"\" width=\"300\" height=\"300\" srcset=\"https:\/\/shop.mira-fleur.de\/wp-content\/uploads\/2025\/03\/FlaschenLeuchter_PTMD_Detail_4-300x300.jpg 300w, https:\/\/shop.mira-fleur.de\/wp-content\/uploads\/2025\/03\/FlaschenLeuchter_PTMD_Detail_4-150x150.jpg 150w, https:\/\/shop.mira-fleur.de\/wp-content\/uploads\/2025\/03\/FlaschenLeuchter_PTMD_Detail_4-100x100.jpg 100w, https:\/\/shop.mira-fleur.de\/wp-content\/uploads\/2025\/03\/FlaschenLeuchter_PTMD_Detail_4.jpg 400w\" sizes=\"(max-width: 300px) 100vw, 300px\" \/><\/a><\/p>\n<p>H\u00e4ngeleuchter mit historischen Bierflaschen<\/p>\n<p>Diese beiden Einzelst\u00fccke jeweils sind mit hochwertigen Ketten aufgeh\u00e4ngt, und inklusiv einer E27 Fassung erhellen sie Ihren Wohnraum.<\/p>\n<p>Die Leuchter k\u00f6nnen einzeln erworben werden.<\/p>\n<p>Reduzierter Preis:\u00a0 2reihig 145,- \/ 3reihig 245,-<\/p>\n<p>Abholung oder Lieferung durch uns erw\u00fcnscht,<\/p>\n<p>Postversand nur bei Entfernung der Flaschen auf Anfrage.<\/p>\n<p>&nbsp;<\/p>\n<p>Durchmesser ca. 50cm<\/p>\n<p>H\u00f6he von ca. 65cm \/ 80cm<\/p>\n<p>Arikel-Nr: Ptmd670248<\/p>\n<p>&nbsp;<\/p>\n","protected":false},"excerpt":{"rendered":"<p>H\u00e4ngeleuchter mit historischen Bierflaschen<\/p>\n<p>Diese beiden Einzelst\u00fccke jeweils sind mit hochwertigen Ketten aufgeh\u00e4ngt, und inklusiv einer E27 Fassung erhellen sie Ihren Wohnraum.<\/p>\n<p>Die Leuchter k\u00f6nnen einzeln erworben werden.<\/p>\n<p>Reduzierter Preis:\u00a0 2reihig 145,- \/ 3reihig 245,-<\/p>\n<p>Abholung oder Lieferung durch uns erw\u00fcnscht,<\/p>\n<p>Postversand nur bei Entfernung der Flaschen auf Anfrage.<\/p>\n<p>&nbsp;<\/p>\n<p>Durchmesser ca. 50cm<\/p>\n<p>H\u00f6he von ca. 65cm \/ 80cm<\/p>\n<p>Arikel-Nr: Ptmd670248<\/p>\n<p>&nbsp;<\/p>\n<h6><strong>UNSERE KLEINODE SIND HANDWERKLICH HERGESTELLT, UND SOMIT K\u00d6NNEN DIE GELIEFERTEN ARTIKEL MINIMAL IN FARBE UND GR\u00d6SSE VARIIEREN<\/strong><\/h6>\n<h6><strong>MINIMALE ABWEICHUNGEN SIND EIN QUALIT\u00c4TSMERKMAL, UND STELLEN KEINEN MANGEL DA.<\/strong><\/h6>\n<h6><strong>\u00a0<\/strong><\/h6>\n<h6><strong>F\u00dcR R\u00dcCKFRAGEN STEHEN WIR JEDERZEIT ZUR VERF\u00dcGUNG; GERNE PERS\u00d6NLICH, ODER AUCH AM TELEFON.<\/strong><\/h6>\n<h6><\/h6>\n","protected":false},"featured_media":741,"template":"","meta":[],"product_brand":[],"product_cat":[74,27,29],"product_tag":[75,39,90,84,52],"class_list":{"0":"post-740","1":"product","2":"type-product","3":"status-publish","4":"has-post-thumbnail","6":"product_cat-beleuchtung","7":"product_cat-indoor","8":"product_cat-sale","9":"product_tag-handwerkskunst","10":"product_tag-indoor","11":"product_tag-lampen","12":"product_tag-qualitaet","13":"product_tag-schoener-leben","14":"product_shipping_class-abholung-im-geschaeft-kostenlos","16":"first","17":"instock","18":"sale","19":"taxable","20":"shipping-taxable","21":"purchasable","22":"product-type-simple"},"_links":{"self":[{"href":"https:\/\/shop.mira-fleur.de\/shop\/wp-json\/wp\/v2\/product\/740","targetHints":{"allow":["GET"]}}],"collection":[{"href":"https:\/\/shop.mira-fleur.de\/shop\/wp-json\/wp\/v2\/product"}],"about":[{"href":"https:\/\/shop.mira-fleur.de\/shop\/wp-json\/wp\/v2\/types\/product"}],"wp:featuredmedia":[{"embeddable":true,"href":"https:\/\/shop.mira-fleur.de\/shop\/wp-json\/wp\/v2\/media\/741"}],"wp:attachment":[{"href":"https:\/\/shop.mira-fleur.de\/shop\/wp-json\/wp\/v2\/media?parent=740"}],"wp:term":[{"taxonomy":"product_brand","embeddable":true,"href":"https:\/\/shop.mira-fleur.de\/shop\/wp-json\/wp\/v2\/product_brand?post=740"},{"taxonomy":"product_cat","embeddable":true,"href":"https:\/\/shop.mira-fleur.de\/shop\/wp-json\/wp\/v2\/product_cat?post=740"},{"taxonomy":"product_tag","embeddable":true,"href":"https:\/\/shop.mira-fleur.de\/shop\/wp-json\/wp\/v2\/product_tag?post=740"}],"curies":[{"name":"wp","href":"https:\/\/api.w.org\/{rel}","templated":true}]}}