{"id":706,"date":"2025-02-26T14:28:30","date_gmt":"2025-02-26T13:28:30","guid":{"rendered":"https:\/\/shop.mira-fleur.de\/shop\/?post_type=product&#038;p=706"},"modified":"2025-02-26T14:28:30","modified_gmt":"2025-02-26T13:28:30","slug":"besteck-set-rainbow-edelstahl","status":"publish","type":"product","link":"https:\/\/shop.mira-fleur.de\/shop\/produkt\/besteck-set-rainbow-edelstahl\/","title":{"rendered":"Besteck Set Rainbow Edelstahl"},"content":{"rendered":"<p><a href=\"https:\/\/shop.mira-fleur.de\/wp-content\/uploads\/2025\/02\/BesteckSet_HF17971_234x400.jpg\"><img fetchpriority=\"high\" decoding=\"async\" class=\"alignnone size-medium wp-image-707\" src=\"https:\/\/shop.mira-fleur.de\/wp-content\/uploads\/2025\/02\/BesteckSet_HF17971_234x400-176x300.jpg\" alt=\"\" width=\"176\" height=\"300\" srcset=\"https:\/\/shop.mira-fleur.de\/wp-content\/uploads\/2025\/02\/BesteckSet_HF17971_234x400-176x300.jpg 176w, https:\/\/shop.mira-fleur.de\/wp-content\/uploads\/2025\/02\/BesteckSet_HF17971_234x400.jpg 235w\" sizes=\"(max-width: 176px) 100vw, 176px\" \/><\/a> <a href=\"https:\/\/shop.mira-fleur.de\/wp-content\/uploads\/2025\/02\/BesteckSet_HF17971_235x400.jpg\"><img decoding=\"async\" class=\"alignnone size-medium wp-image-708\" src=\"https:\/\/shop.mira-fleur.de\/wp-content\/uploads\/2025\/02\/BesteckSet_HF17971_235x400-176x300.jpg\" alt=\"\" width=\"176\" height=\"300\" srcset=\"https:\/\/shop.mira-fleur.de\/wp-content\/uploads\/2025\/02\/BesteckSet_HF17971_235x400-176x300.jpg 176w, https:\/\/shop.mira-fleur.de\/wp-content\/uploads\/2025\/02\/BesteckSet_HF17971_235x400.jpg 235w\" sizes=\"(max-width: 176px) 100vw, 176px\" \/><\/a> <a href=\"https:\/\/shop.mira-fleur.de\/wp-content\/uploads\/2025\/02\/BesteckSet_HF17971_400x400_Detail.jpg\"><img decoding=\"async\" class=\"alignnone size-medium wp-image-709\" src=\"https:\/\/shop.mira-fleur.de\/wp-content\/uploads\/2025\/02\/BesteckSet_HF17971_400x400_Detail-300x300.jpg\" alt=\"\" width=\"300\" height=\"300\" srcset=\"https:\/\/shop.mira-fleur.de\/wp-content\/uploads\/2025\/02\/BesteckSet_HF17971_400x400_Detail-300x300.jpg 300w, https:\/\/shop.mira-fleur.de\/wp-content\/uploads\/2025\/02\/BesteckSet_HF17971_400x400_Detail-150x150.jpg 150w, https:\/\/shop.mira-fleur.de\/wp-content\/uploads\/2025\/02\/BesteckSet_HF17971_400x400_Detail-100x100.jpg 100w, https:\/\/shop.mira-fleur.de\/wp-content\/uploads\/2025\/02\/BesteckSet_HF17971_400x400_Detail.jpg 400w\" sizes=\"(max-width: 300px) 100vw, 300px\" \/><\/a> <a href=\"https:\/\/shop.mira-fleur.de\/wp-content\/uploads\/2025\/02\/BesteckSet_HF17971_500x500.jpg\"><img loading=\"lazy\" decoding=\"async\" class=\"alignnone size-medium wp-image-710\" src=\"https:\/\/shop.mira-fleur.de\/wp-content\/uploads\/2025\/02\/BesteckSet_HF17971_500x500-300x300.jpg\" alt=\"\" width=\"300\" height=\"300\" srcset=\"https:\/\/shop.mira-fleur.de\/wp-content\/uploads\/2025\/02\/BesteckSet_HF17971_500x500-300x300.jpg 300w, https:\/\/shop.mira-fleur.de\/wp-content\/uploads\/2025\/02\/BesteckSet_HF17971_500x500-150x150.jpg 150w, https:\/\/shop.mira-fleur.de\/wp-content\/uploads\/2025\/02\/BesteckSet_HF17971_500x500-100x100.jpg 100w, https:\/\/shop.mira-fleur.de\/wp-content\/uploads\/2025\/02\/BesteckSet_HF17971_500x500.jpg 500w\" sizes=\"(max-width: 300px) 100vw, 300px\" \/><\/a><\/p>\n<p>Besteck Set 4teilig &#8222;Rainbow&#8220; irisierend aus Edelstahl<\/p>\n<p>Das Set besteht aus Gabel, Messer, gro\u00dfer L\u00f6ffel und kleiner L\u00f6ffel (wie abgebildet).\u00a0 Dieses Besteck ist auch in gr\u00f6\u00dferen St\u00fcckzahlen lieferbar (6,12, 24 und mehr Personen).<\/p>\n<p>Abmessung: Box: 28&#215;16,5x7cm<\/p>\n<p>Gabel: 19,5cm \/ Messer: 23cm<\/p>\n<p>Artikel-Nr: Hf1797<\/p>\n","protected":false},"excerpt":{"rendered":"<p>Besteck Set 4teilig &#8222;Rainbow&#8220; irisierend aus Edelstahl<\/p>\n<p>Das Set besteht aus Gabel, Messer, gro\u00dfer L\u00f6ffel und kleiner L\u00f6ffel (wie abgebildet).\u00a0 Dieses Besteck ist auch in gr\u00f6\u00dferen St\u00fcckzahlen lieferbar (6,12, 24 und mehr Personen).<\/p>\n<p>Abmessung: Box: 28&#215;16,5x7cm<\/p>\n<p>Gabel: 19,5cm \/ Messer: 23cm<\/p>\n<p>Artikel-Nr: Hf1797<\/p>\n<p>&nbsp;<\/p>\n<h6><strong>UNSERE KLEINODE SIND HANDWERKLICH HERGESTELLT, UND SOMIT K\u00d6NNEN DIE GELIEFERTEN ARTIKEL MINIMAL IN FARBE UND GR\u00d6SSE VARIIEREN<\/strong><\/h6>\n<h6><strong>MINIMALE ABWEICHUNGEN SIND EIN QUALIT\u00c4TSMERKMAL, UND STELLEN KEINEN MANGEL DA.<\/strong><\/h6>\n<h6><strong>\u00a0<\/strong><\/h6>\n<h6><strong>F\u00dcR R\u00dcCKFRAGEN STEHEN WIR JEDERZEIT ZUR VERF\u00dcGUNG; GERNE PERS\u00d6NLICH, ODER AUCH AM TELEFON.<\/strong><\/h6>\n","protected":false},"featured_media":708,"template":"","meta":[],"product_brand":[],"product_cat":[48,110,47],"product_tag":[75,40,52,50],"class_list":{"0":"post-706","1":"product","2":"type-product","3":"status-publish","4":"has-post-thumbnail","6":"product_cat-fine-dining","7":"product_cat-geschenke","8":"product_cat-tischkultur","9":"product_tag-handwerkskunst","10":"product_tag-living","11":"product_tag-schoener-leben","12":"product_tag-tisckultur","13":"product_shipping_class-kleine-pakete","15":"first","16":"instock","17":"taxable","18":"shipping-taxable","19":"purchasable","20":"product-type-simple"},"_links":{"self":[{"href":"https:\/\/shop.mira-fleur.de\/shop\/wp-json\/wp\/v2\/product\/706","targetHints":{"allow":["GET"]}}],"collection":[{"href":"https:\/\/shop.mira-fleur.de\/shop\/wp-json\/wp\/v2\/product"}],"about":[{"href":"https:\/\/shop.mira-fleur.de\/shop\/wp-json\/wp\/v2\/types\/product"}],"wp:featuredmedia":[{"embeddable":true,"href":"https:\/\/shop.mira-fleur.de\/shop\/wp-json\/wp\/v2\/media\/708"}],"wp:attachment":[{"href":"https:\/\/shop.mira-fleur.de\/shop\/wp-json\/wp\/v2\/media?parent=706"}],"wp:term":[{"taxonomy":"product_brand","embeddable":true,"href":"https:\/\/shop.mira-fleur.de\/shop\/wp-json\/wp\/v2\/product_brand?post=706"},{"taxonomy":"product_cat","embeddable":true,"href":"https:\/\/shop.mira-fleur.de\/shop\/wp-json\/wp\/v2\/product_cat?post=706"},{"taxonomy":"product_tag","embeddable":true,"href":"https:\/\/shop.mira-fleur.de\/shop\/wp-json\/wp\/v2\/product_tag?post=706"}],"curies":[{"name":"wp","href":"https:\/\/api.w.org\/{rel}","templated":true}]}}