{"id":600,"date":"2024-05-25T13:23:32","date_gmt":"2024-05-25T11:23:32","guid":{"rendered":"https:\/\/shop.mira-fleur.de\/shop\/?post_type=product&#038;p=600"},"modified":"2024-05-25T13:23:47","modified_gmt":"2024-05-25T11:23:47","slug":"blechschild-nostalgie-candy","status":"publish","type":"product","link":"https:\/\/shop.mira-fleur.de\/shop\/produkt\/blechschild-nostalgie-candy\/","title":{"rendered":"Blechschild Nostalgie &#8222;Candy&#8220;"},"content":{"rendered":"<p><a href=\"https:\/\/shop.mira-fleur.de\/wp-content\/uploads\/2024\/05\/candy-schild.jpg\"><img fetchpriority=\"high\" decoding=\"async\" class=\"alignnone size-medium wp-image-601\" src=\"https:\/\/shop.mira-fleur.de\/wp-content\/uploads\/2024\/05\/candy-schild-225x300.jpg\" alt=\"\" width=\"225\" height=\"300\" srcset=\"https:\/\/shop.mira-fleur.de\/wp-content\/uploads\/2024\/05\/candy-schild-225x300.jpg 225w, https:\/\/shop.mira-fleur.de\/wp-content\/uploads\/2024\/05\/candy-schild-300x400.jpg 300w, https:\/\/shop.mira-fleur.de\/wp-content\/uploads\/2024\/05\/candy-schild.jpg 600w\" sizes=\"(max-width: 225px) 100vw, 225px\" \/><\/a><\/p>\n<p>Blechschild Nostalgie &#8222;Candy&#8220; aus Eisen<br \/>\nZum H\u00e4ngen\u00a0 , oder einfach hinstellen&#8230;<\/p>\n<p>Sehr sch\u00f6n gepr\u00e4gt, die einzelnen Candy\u00b4s\u00a0 treten etwas vor.<br \/>\nL\u00e4nge : 50cm<br \/>\nBreite : 45cm<br \/>\nArtikelnummer : C&amp;Ee6Y51000<\/p>\n","protected":false},"excerpt":{"rendered":"<p>Blechschild Nostalgie &#8222;Candy&#8220; aus Eisen<br \/>\nZum H\u00e4ngen\u00a0 , oder einfach hinstellen&#8230;<br \/>\nL\u00e4nge : 50cm<br \/>\nBreite : 45cm<br \/>\nArtikelnummer : C&amp;Ee6Y51000<\/p>\n<p>&nbsp;<\/p>\n<h6><strong>UNSERE KLEINODE SIND HANDWERKLICH HERGESTELLT, UND SOMIT K\u00d6NNEN DIE GELIEFERTEN ARTIKEL MINIMAL IN FARBE UND GR\u00d6SSE VARIIEREN<\/strong><\/h6>\n<h6><strong>MINIMALE ABWEICHUNGEN SIND EIN QUALIT\u00c4TSMERKMAL, UND STELLEN KEINEN MANGEL DA.<\/strong><\/h6>\n<h6><strong>\u00a0<\/strong><\/h6>\n<h6><strong>F\u00dcR R\u00dcCKFRAGEN STEHEN WIR JEDERZEIT ZUR VERF\u00dcGUNG; GERNE PERS\u00d6NLICH, ODER AUCH AM TELEFON.<\/strong><\/h6>\n","protected":false},"featured_media":601,"template":"","meta":[],"product_brand":[],"product_cat":[109,87,104],"product_tag":[38,77,76,37,78,75,40,84,52],"class_list":{"0":"post-600","1":"product","2":"type-product","3":"status-publish","4":"has-post-thumbnail","6":"product_cat-dekoration","7":"product_cat-metall","8":"product_cat-sommer","9":"product_tag-accessoires","10":"product_tag-bohemian","11":"product_tag-boho","12":"product_tag-dekoration","13":"product_tag-ethnostyle","14":"product_tag-handwerkskunst","15":"product_tag-living","16":"product_tag-qualitaet","17":"product_tag-schoener-leben","18":"product_shipping_class-mittlere-pakete","20":"first","21":"instock","22":"purchasable","23":"product-type-simple"},"_links":{"self":[{"href":"https:\/\/shop.mira-fleur.de\/shop\/wp-json\/wp\/v2\/product\/600","targetHints":{"allow":["GET"]}}],"collection":[{"href":"https:\/\/shop.mira-fleur.de\/shop\/wp-json\/wp\/v2\/product"}],"about":[{"href":"https:\/\/shop.mira-fleur.de\/shop\/wp-json\/wp\/v2\/types\/product"}],"wp:featuredmedia":[{"embeddable":true,"href":"https:\/\/shop.mira-fleur.de\/shop\/wp-json\/wp\/v2\/media\/601"}],"wp:attachment":[{"href":"https:\/\/shop.mira-fleur.de\/shop\/wp-json\/wp\/v2\/media?parent=600"}],"wp:term":[{"taxonomy":"product_brand","embeddable":true,"href":"https:\/\/shop.mira-fleur.de\/shop\/wp-json\/wp\/v2\/product_brand?post=600"},{"taxonomy":"product_cat","embeddable":true,"href":"https:\/\/shop.mira-fleur.de\/shop\/wp-json\/wp\/v2\/product_cat?post=600"},{"taxonomy":"product_tag","embeddable":true,"href":"https:\/\/shop.mira-fleur.de\/shop\/wp-json\/wp\/v2\/product_tag?post=600"}],"curies":[{"name":"wp","href":"https:\/\/api.w.org\/{rel}","templated":true}]}}