{"id":507,"date":"2024-04-05T17:13:19","date_gmt":"2024-04-05T15:13:19","guid":{"rendered":"https:\/\/shop.mira-fleur.de\/?post_type=product&#038;p=507"},"modified":"2025-02-20T15:44:27","modified_gmt":"2025-02-20T14:44:27","slug":"hund-dackel-gruen-mit-leder-halsband","status":"publish","type":"product","link":"https:\/\/shop.mira-fleur.de\/shop\/produkt\/hund-dackel-gruen-mit-leder-halsband\/","title":{"rendered":"Hund &#8222;Dackel&#8220; Gr\u00fcn mit Leder Halsband"},"content":{"rendered":"<p><a href=\"https:\/\/shop.mira-fleur.de\/wp-content\/uploads\/2024\/04\/Hund_Lasso_54310_800x800_1.jpg\"><img fetchpriority=\"high\" decoding=\"async\" class=\"alignnone size-medium wp-image-509\" src=\"https:\/\/shop.mira-fleur.de\/wp-content\/uploads\/2024\/04\/Hund_Lasso_54310_800x800_1-300x300.jpg\" alt=\"\" width=\"300\" height=\"300\" srcset=\"https:\/\/shop.mira-fleur.de\/wp-content\/uploads\/2024\/04\/Hund_Lasso_54310_800x800_1-300x300.jpg 300w, https:\/\/shop.mira-fleur.de\/wp-content\/uploads\/2024\/04\/Hund_Lasso_54310_800x800_1-150x150.jpg 150w, https:\/\/shop.mira-fleur.de\/wp-content\/uploads\/2024\/04\/Hund_Lasso_54310_800x800_1-768x768.jpg 768w, https:\/\/shop.mira-fleur.de\/wp-content\/uploads\/2024\/04\/Hund_Lasso_54310_800x800_1-600x600.jpg 600w, https:\/\/shop.mira-fleur.de\/wp-content\/uploads\/2024\/04\/Hund_Lasso_54310_800x800_1-100x100.jpg 100w, https:\/\/shop.mira-fleur.de\/wp-content\/uploads\/2024\/04\/Hund_Lasso_54310_800x800_1.jpg 800w\" sizes=\"(max-width: 300px) 100vw, 300px\" \/><\/a><\/p>\n<p><a href=\"https:\/\/shop.mira-fleur.de\/wp-content\/uploads\/2024\/04\/Hund_Lasso_54310_800x800.jpg\"><img decoding=\"async\" class=\"alignnone size-medium wp-image-508\" src=\"https:\/\/shop.mira-fleur.de\/wp-content\/uploads\/2024\/04\/Hund_Lasso_54310_800x800-300x300.jpg\" alt=\"\" width=\"300\" height=\"300\" srcset=\"https:\/\/shop.mira-fleur.de\/wp-content\/uploads\/2024\/04\/Hund_Lasso_54310_800x800-300x300.jpg 300w, https:\/\/shop.mira-fleur.de\/wp-content\/uploads\/2024\/04\/Hund_Lasso_54310_800x800-150x150.jpg 150w, https:\/\/shop.mira-fleur.de\/wp-content\/uploads\/2024\/04\/Hund_Lasso_54310_800x800-768x768.jpg 768w, https:\/\/shop.mira-fleur.de\/wp-content\/uploads\/2024\/04\/Hund_Lasso_54310_800x800-600x600.jpg 600w, https:\/\/shop.mira-fleur.de\/wp-content\/uploads\/2024\/04\/Hund_Lasso_54310_800x800-100x100.jpg 100w, https:\/\/shop.mira-fleur.de\/wp-content\/uploads\/2024\/04\/Hund_Lasso_54310_800x800.jpg 800w\" sizes=\"(max-width: 300px) 100vw, 300px\" \/><\/a><\/p>\n<p>Hund &#8222;Dackel&#8220; Gr\u00fcn mit Leder Halsband<\/p>\n<p>Dieser treue Begleiter ist aus Polyresin mit einem authentischen Lederhalsband (au\u00dfen hellblau und innen rosa)<\/p>\n<p>L\u00e4nge<strong>: <\/strong>56.50 cm<\/p>\n<p>Breite<strong>: <\/strong>22.50 cm<\/p>\n<p>H\u00f6he<strong>: <\/strong>20.00 cm<\/p>\n<p>Artikel-Nr: WV54310<\/p>\n<p>F\u00fcr R\u00fcckfragen stehen wir gerne pers\u00f6nlich zur Verf\u00fcgung.<\/p>\n","protected":false},"excerpt":{"rendered":"<p>Hund &#8222;Dackel&#8220; Gr\u00fcn mit Leder Halsband<\/p>\n<p>Dieser treue Begleiter ist aus Polyresin mit einem authentischen Lederhalsband (au\u00dfen hellblau und innen rosa)<\/p>\n<p>L\u00e4nge<strong>: <\/strong>56.50 cm<\/p>\n<p>Breite<strong>: <\/strong>22.50 cm<\/p>\n<p>H\u00f6he<strong>: <\/strong>20.00 cm<\/p>\n<p>Artikel-Nr: WV54310<\/p>\n<p>F\u00fcr R\u00fcckfragen stehen wir gerne pers\u00f6nlich zur Verf\u00fcgung.<\/p>\n<p>&nbsp;<\/p>\n<h6>Unsere Kleinode sind handwerklich hergestellt, und somit k\u00f6nnen die gelieferten Artikel minimal in Farbe und Gr\u00f6\u00dfe variieren.<\/h6>\n<h6>Minimale Abweichungen sind ein Qualit\u00e4tsmerkmal, und stellen keinen Mangel da.<\/h6>\n<h6><\/h6>\n","protected":false},"featured_media":508,"template":"","meta":[],"product_brand":[],"product_cat":[86,20,27,26,104],"product_tag":[38,77,37,78,41,75,39,40,44,102,84,52],"class_list":{"0":"post-507","1":"product","2":"type-product","3":"status-publish","4":"has-post-thumbnail","6":"product_cat-accessoires","7":"product_cat-fruehjahr","8":"product_cat-indoor","9":"product_cat-outdoor","10":"product_cat-sommer","11":"product_tag-accessoires","12":"product_tag-bohemian","13":"product_tag-dekoration","14":"product_tag-ethnostyle","15":"product_tag-gift","16":"product_tag-handwerkskunst","17":"product_tag-indoor","18":"product_tag-living","19":"product_tag-outdoor","20":"product_tag-porzellan","21":"product_tag-qualitaet","22":"product_tag-schoener-leben","23":"product_shipping_class-etwas-groessere-1495","25":"first","26":"outofstock","27":"purchasable","28":"product-type-simple"},"_links":{"self":[{"href":"https:\/\/shop.mira-fleur.de\/shop\/wp-json\/wp\/v2\/product\/507","targetHints":{"allow":["GET"]}}],"collection":[{"href":"https:\/\/shop.mira-fleur.de\/shop\/wp-json\/wp\/v2\/product"}],"about":[{"href":"https:\/\/shop.mira-fleur.de\/shop\/wp-json\/wp\/v2\/types\/product"}],"wp:featuredmedia":[{"embeddable":true,"href":"https:\/\/shop.mira-fleur.de\/shop\/wp-json\/wp\/v2\/media\/508"}],"wp:attachment":[{"href":"https:\/\/shop.mira-fleur.de\/shop\/wp-json\/wp\/v2\/media?parent=507"}],"wp:term":[{"taxonomy":"product_brand","embeddable":true,"href":"https:\/\/shop.mira-fleur.de\/shop\/wp-json\/wp\/v2\/product_brand?post=507"},{"taxonomy":"product_cat","embeddable":true,"href":"https:\/\/shop.mira-fleur.de\/shop\/wp-json\/wp\/v2\/product_cat?post=507"},{"taxonomy":"product_tag","embeddable":true,"href":"https:\/\/shop.mira-fleur.de\/shop\/wp-json\/wp\/v2\/product_tag?post=507"}],"curies":[{"name":"wp","href":"https:\/\/api.w.org\/{rel}","templated":true}]}}