{"id":482,"date":"2024-03-23T11:48:29","date_gmt":"2024-03-23T10:48:29","guid":{"rendered":"https:\/\/shop.mira-fleur.de\/?post_type=product&#038;p=482"},"modified":"2024-05-23T11:50:06","modified_gmt":"2024-05-23T09:50:06","slug":"uebertopf-vase-limone-zitrone-3","status":"publish","type":"product","link":"https:\/\/shop.mira-fleur.de\/shop\/produkt\/uebertopf-vase-limone-zitrone-3\/","title":{"rendered":"\u00dcbertopf  Vase &#8222;Limone&#8220; Zitrone"},"content":{"rendered":"<p><a href=\"https:\/\/shop.mira-fleur.de\/wp-content\/uploads\/2024\/03\/Uebertopf_Limone_22x22x29_Hf6341.jpg\"><img fetchpriority=\"high\" decoding=\"async\" class=\"alignnone size-medium wp-image-483\" src=\"https:\/\/shop.mira-fleur.de\/wp-content\/uploads\/2024\/03\/Uebertopf_Limone_22x22x29_Hf6341-230x300.jpg\" alt=\"\" width=\"230\" height=\"300\" srcset=\"https:\/\/shop.mira-fleur.de\/wp-content\/uploads\/2024\/03\/Uebertopf_Limone_22x22x29_Hf6341-230x300.jpg 230w, https:\/\/shop.mira-fleur.de\/wp-content\/uploads\/2024\/03\/Uebertopf_Limone_22x22x29_Hf6341-300x392.jpg 300w, https:\/\/shop.mira-fleur.de\/wp-content\/uploads\/2024\/03\/Uebertopf_Limone_22x22x29_Hf6341-600x784.jpg 600w, https:\/\/shop.mira-fleur.de\/wp-content\/uploads\/2024\/03\/Uebertopf_Limone_22x22x29_Hf6341.jpg 612w\" sizes=\"(max-width: 230px) 100vw, 230px\" \/><\/a> <a href=\"https:\/\/shop.mira-fleur.de\/wp-content\/uploads\/2024\/03\/Uebertopf_Limone_22x22x29_Hf6341_1.jpg\"><img decoding=\"async\" class=\"alignnone size-medium wp-image-484\" src=\"https:\/\/shop.mira-fleur.de\/wp-content\/uploads\/2024\/03\/Uebertopf_Limone_22x22x29_Hf6341_1-300x300.jpg\" alt=\"\" width=\"300\" height=\"300\" srcset=\"https:\/\/shop.mira-fleur.de\/wp-content\/uploads\/2024\/03\/Uebertopf_Limone_22x22x29_Hf6341_1-300x300.jpg 300w, https:\/\/shop.mira-fleur.de\/wp-content\/uploads\/2024\/03\/Uebertopf_Limone_22x22x29_Hf6341_1-150x150.jpg 150w, https:\/\/shop.mira-fleur.de\/wp-content\/uploads\/2024\/03\/Uebertopf_Limone_22x22x29_Hf6341_1-768x768.jpg 768w, https:\/\/shop.mira-fleur.de\/wp-content\/uploads\/2024\/03\/Uebertopf_Limone_22x22x29_Hf6341_1-600x600.jpg 600w, https:\/\/shop.mira-fleur.de\/wp-content\/uploads\/2024\/03\/Uebertopf_Limone_22x22x29_Hf6341_1-100x100.jpg 100w, https:\/\/shop.mira-fleur.de\/wp-content\/uploads\/2024\/03\/Uebertopf_Limone_22x22x29_Hf6341_1.jpg 800w\" sizes=\"(max-width: 300px) 100vw, 300px\" \/><\/a><\/p>\n<p>\u00dcbertopf \/ Vase &#8222;Limone&#8220; Zitrone<\/p>\n<p>Schwere Keramik, wasserdicht.<\/p>\n<p>Gr\u00f6\u00dfe: 22x22x29 cm<\/p>\n<p>Artikel-Nr: Hf6341<\/p>\n<p>F\u00fcr R\u00fcckfragen stehen wir gerne pers\u00f6nlich zur Verf\u00fcgung<\/p>\n","protected":false},"excerpt":{"rendered":"<p>\u00dcbertopf \/ Vase &#8222;Limone&#8220; Zitrone<\/p>\n<p>Schwere Keramik, wasserdicht.<\/p>\n<p>Gr\u00f6\u00dfe: 22x22x29 cm<\/p>\n<p>Artikel-Nr: Hf6341<\/p>\n<p>F\u00fcr R\u00fcckfragen stehen wir gerne pers\u00f6nlich zur Verf\u00fcgung<\/p>\n<p>&nbsp;<\/p>\n<h6>Unsere Kleinode sind handwerklich hergestellt, und somit k\u00f6nnen die gelieferten Artikel minimal in Farbe und Gr\u00f6\u00dfe variieren.<\/h6>\n<h6>Minimale Abweichungen sind ein Qualit\u00e4tsmerkmal, und stellen keinen Mangel da.<\/h6>\n<h6><\/h6>\n","protected":false},"featured_media":483,"template":"","meta":[],"product_brand":[],"product_cat":[27,108,26,104,70],"product_tag":[38,36,37,41,75,39,40,44,45,102,84,52,35],"class_list":{"0":"post-482","1":"product","2":"type-product","3":"status-publish","4":"has-post-thumbnail","6":"product_cat-indoor","7":"product_cat-keramik","8":"product_cat-outdoor","9":"product_cat-sommer","10":"product_cat-vasen","11":"product_tag-accessoires","12":"product_tag-blumen","13":"product_tag-dekoration","14":"product_tag-gift","15":"product_tag-handwerkskunst","16":"product_tag-indoor","17":"product_tag-living","18":"product_tag-outdoor","19":"product_tag-pflanzgefaess","20":"product_tag-porzellan","21":"product_tag-qualitaet","22":"product_tag-schoener-leben","23":"product_tag-vase","24":"product_shipping_class-mittlere-pakete","26":"first","27":"instock","28":"taxable","29":"shipping-taxable","30":"purchasable","31":"product-type-simple"},"_links":{"self":[{"href":"https:\/\/shop.mira-fleur.de\/shop\/wp-json\/wp\/v2\/product\/482","targetHints":{"allow":["GET"]}}],"collection":[{"href":"https:\/\/shop.mira-fleur.de\/shop\/wp-json\/wp\/v2\/product"}],"about":[{"href":"https:\/\/shop.mira-fleur.de\/shop\/wp-json\/wp\/v2\/types\/product"}],"wp:featuredmedia":[{"embeddable":true,"href":"https:\/\/shop.mira-fleur.de\/shop\/wp-json\/wp\/v2\/media\/483"}],"wp:attachment":[{"href":"https:\/\/shop.mira-fleur.de\/shop\/wp-json\/wp\/v2\/media?parent=482"}],"wp:term":[{"taxonomy":"product_brand","embeddable":true,"href":"https:\/\/shop.mira-fleur.de\/shop\/wp-json\/wp\/v2\/product_brand?post=482"},{"taxonomy":"product_cat","embeddable":true,"href":"https:\/\/shop.mira-fleur.de\/shop\/wp-json\/wp\/v2\/product_cat?post=482"},{"taxonomy":"product_tag","embeddable":true,"href":"https:\/\/shop.mira-fleur.de\/shop\/wp-json\/wp\/v2\/product_tag?post=482"}],"curies":[{"name":"wp","href":"https:\/\/api.w.org\/{rel}","templated":true}]}}