{"id":416,"date":"2023-10-24T16:56:22","date_gmt":"2023-10-24T14:56:22","guid":{"rendered":"https:\/\/shop.mira-fleur.de\/?post_type=product&#038;p=416"},"modified":"2024-05-23T12:31:43","modified_gmt":"2024-05-23T10:31:43","slug":"kranz-mit-bunten-kugeln-zu-haengen","status":"publish","type":"product","link":"https:\/\/shop.mira-fleur.de\/shop\/produkt\/kranz-mit-bunten-kugeln-zu-haengen\/","title":{"rendered":"Kranz mit bunten Kugeln zu h\u00e4ngen"},"content":{"rendered":"<p><a href=\"https:\/\/shop.mira-fleur.de\/wp-content\/uploads\/2023\/10\/Kranz_mit_bunten_Kugeln_zu_Haengen_Dm145T4_GC1072501022.jpg\"><img fetchpriority=\"high\" decoding=\"async\" class=\"alignnone size-medium wp-image-417\" src=\"https:\/\/shop.mira-fleur.de\/wp-content\/uploads\/2023\/10\/Kranz_mit_bunten_Kugeln_zu_Haengen_Dm145T4_GC1072501022-300x300.jpg\" alt=\"\" width=\"300\" height=\"300\" srcset=\"https:\/\/shop.mira-fleur.de\/wp-content\/uploads\/2023\/10\/Kranz_mit_bunten_Kugeln_zu_Haengen_Dm145T4_GC1072501022-300x300.jpg 300w, https:\/\/shop.mira-fleur.de\/wp-content\/uploads\/2023\/10\/Kranz_mit_bunten_Kugeln_zu_Haengen_Dm145T4_GC1072501022-100x100.jpg 100w, https:\/\/shop.mira-fleur.de\/wp-content\/uploads\/2023\/10\/Kranz_mit_bunten_Kugeln_zu_Haengen_Dm145T4_GC1072501022-600x600.jpg 600w, https:\/\/shop.mira-fleur.de\/wp-content\/uploads\/2023\/10\/Kranz_mit_bunten_Kugeln_zu_Haengen_Dm145T4_GC1072501022-150x150.jpg 150w, https:\/\/shop.mira-fleur.de\/wp-content\/uploads\/2023\/10\/Kranz_mit_bunten_Kugeln_zu_Haengen_Dm145T4_GC1072501022-768x768.jpg 768w, https:\/\/shop.mira-fleur.de\/wp-content\/uploads\/2023\/10\/Kranz_mit_bunten_Kugeln_zu_Haengen_Dm145T4_GC1072501022.jpg 800w\" sizes=\"(max-width: 300px) 100vw, 300px\" \/><\/a><\/p>\n<p>Kranz mit bunten Kugeln zum h\u00e4ngen oder legen<\/p>\n<p>An diesem wunderbaren Kranz ist eine l\u00e4ngere Schlaufe, an dem der Kranz h\u00e4ngen dekoriert werden kann.<\/p>\n<p>Durchmesser 14,5 cm<\/p>\n<p>Tiefe 4 cm<\/p>\n<p>Artikelnummer GC1072501022<\/p>\n","protected":false},"excerpt":{"rendered":"<h4>Kranz mit bunten Kugeln zum h\u00e4ngen oder legen<\/h4>\n<h4>An diesem wunderbaren Kranz ist eine l\u00e4ngere Schlaufe, an dem der Kranz h\u00e4ngen dekoriert werden kann.<\/h4>\n<h4>Durchmesser 14,5 cm<\/h4>\n<h4>Tiefe 4 cm<\/h4>\n<h4>Artikelnummer GC1072501022<\/h4>\n<p>&nbsp;<\/p>\n<h6>F\u00dcR R\u00dcCKFRAGEN STEHEN WIR JEDERZEIT ZUR VERF\u00dcGUNG; GERNE PERS\u00d6NLICH, ODER AUCH AM TELEFON.<\/h6>\n","protected":false},"featured_media":417,"template":"","meta":[],"product_brand":[],"product_cat":[86,79,24,80],"product_tag":[38,82,88,37,41,75,39,101,40,84,52,83],"class_list":{"0":"post-416","1":"product","2":"type-product","3":"status-publish","4":"has-post-thumbnail","6":"product_cat-accessoires","7":"product_cat-advent","8":"product_cat-kraenze","9":"product_cat-weihnachten","10":"product_tag-accessoires","11":"product_tag-advent","12":"product_tag-bumschmuck","13":"product_tag-dekoration","14":"product_tag-gift","15":"product_tag-handwerkskunst","16":"product_tag-indoor","17":"product_tag-kraenze","18":"product_tag-living","19":"product_tag-qualitaet","20":"product_tag-schoener-leben","21":"product_tag-weinacht","22":"product_shipping_class-kleine-pakete","24":"first","25":"instock","26":"purchasable","27":"product-type-simple"},"_links":{"self":[{"href":"https:\/\/shop.mira-fleur.de\/shop\/wp-json\/wp\/v2\/product\/416","targetHints":{"allow":["GET"]}}],"collection":[{"href":"https:\/\/shop.mira-fleur.de\/shop\/wp-json\/wp\/v2\/product"}],"about":[{"href":"https:\/\/shop.mira-fleur.de\/shop\/wp-json\/wp\/v2\/types\/product"}],"wp:featuredmedia":[{"embeddable":true,"href":"https:\/\/shop.mira-fleur.de\/shop\/wp-json\/wp\/v2\/media\/417"}],"wp:attachment":[{"href":"https:\/\/shop.mira-fleur.de\/shop\/wp-json\/wp\/v2\/media?parent=416"}],"wp:term":[{"taxonomy":"product_brand","embeddable":true,"href":"https:\/\/shop.mira-fleur.de\/shop\/wp-json\/wp\/v2\/product_brand?post=416"},{"taxonomy":"product_cat","embeddable":true,"href":"https:\/\/shop.mira-fleur.de\/shop\/wp-json\/wp\/v2\/product_cat?post=416"},{"taxonomy":"product_tag","embeddable":true,"href":"https:\/\/shop.mira-fleur.de\/shop\/wp-json\/wp\/v2\/product_tag?post=416"}],"curies":[{"name":"wp","href":"https:\/\/api.w.org\/{rel}","templated":true}]}}