{"id":382,"date":"2023-08-25T17:29:19","date_gmt":"2023-08-25T15:29:19","guid":{"rendered":"https:\/\/shop.mira-fleur.de\/?post_type=product&#038;p=382"},"modified":"2024-05-23T12:50:52","modified_gmt":"2024-05-23T10:50:52","slug":"vase-gold-zement-bt322","status":"publish","type":"product","link":"https:\/\/shop.mira-fleur.de\/shop\/produkt\/vase-gold-zement-bt322\/","title":{"rendered":"Vase GOLD Zement BT322"},"content":{"rendered":"<p><a href=\"https:\/\/shop.mira-fleur.de\/wp-content\/uploads\/2023\/08\/Vase_Zement_Gold_BT322_Dm25_H66_Kl82114_Produktbild.jpg\"><img fetchpriority=\"high\" decoding=\"async\" class=\"alignnone size-medium wp-image-383\" src=\"https:\/\/shop.mira-fleur.de\/wp-content\/uploads\/2023\/08\/Vase_Zement_Gold_BT322_Dm25_H66_Kl82114_Produktbild-300x300.jpg\" alt=\"\" width=\"300\" height=\"300\" srcset=\"https:\/\/shop.mira-fleur.de\/wp-content\/uploads\/2023\/08\/Vase_Zement_Gold_BT322_Dm25_H66_Kl82114_Produktbild-300x300.jpg 300w, https:\/\/shop.mira-fleur.de\/wp-content\/uploads\/2023\/08\/Vase_Zement_Gold_BT322_Dm25_H66_Kl82114_Produktbild-100x100.jpg 100w, https:\/\/shop.mira-fleur.de\/wp-content\/uploads\/2023\/08\/Vase_Zement_Gold_BT322_Dm25_H66_Kl82114_Produktbild-600x600.jpg 600w, https:\/\/shop.mira-fleur.de\/wp-content\/uploads\/2023\/08\/Vase_Zement_Gold_BT322_Dm25_H66_Kl82114_Produktbild-150x150.jpg 150w, https:\/\/shop.mira-fleur.de\/wp-content\/uploads\/2023\/08\/Vase_Zement_Gold_BT322_Dm25_H66_Kl82114_Produktbild-768x768.jpg 768w, https:\/\/shop.mira-fleur.de\/wp-content\/uploads\/2023\/08\/Vase_Zement_Gold_BT322_Dm25_H66_Kl82114_Produktbild.jpg 800w\" sizes=\"(max-width: 300px) 100vw, 300px\" \/><\/a><a href=\"https:\/\/shop.mira-fleur.de\/wp-content\/uploads\/2023\/08\/Vase_Zement_Gold_BT322_Dm25_H66_Kl82114.jpg\"><img decoding=\"async\" class=\"alignnone size-medium wp-image-384\" src=\"https:\/\/shop.mira-fleur.de\/wp-content\/uploads\/2023\/08\/Vase_Zement_Gold_BT322_Dm25_H66_Kl82114-119x300.jpg\" alt=\"\" width=\"119\" height=\"300\" srcset=\"https:\/\/shop.mira-fleur.de\/wp-content\/uploads\/2023\/08\/Vase_Zement_Gold_BT322_Dm25_H66_Kl82114-119x300.jpg 119w, https:\/\/shop.mira-fleur.de\/wp-content\/uploads\/2023\/08\/Vase_Zement_Gold_BT322_Dm25_H66_Kl82114-300x759.jpg 300w, https:\/\/shop.mira-fleur.de\/wp-content\/uploads\/2023\/08\/Vase_Zement_Gold_BT322_Dm25_H66_Kl82114.jpg 316w\" sizes=\"(max-width: 119px) 100vw, 119px\" \/><\/a><\/p>\n<p>Vase in edlem Zement mit hochwertigem goldenem Rand am Fu\u00df<\/p>\n<p>optional gibt es einen Kunststoff Einsatz<\/p>\n<p>Durchmesser 25 cm<\/p>\n<p>H\u00f6he 66 cm<\/p>\n<p>Bestellnummer Kl82114<\/p>\n","protected":false},"excerpt":{"rendered":"<h4>Vase in edlem Zement mit hochwertigem goldenem Rand am Fu\u00df<\/h4>\n<h4>optional gibt es einen Kunststoff Einsatz<\/h4>\n<h4>Durchmesser 25 cm<\/h4>\n<h4>H\u00f6he 66 cm<\/h4>\n<h4>Bestellnummer Kl82114<\/h4>\n<h6><\/h6>\n<h6>UNSERE KLEINODE SIND HANDWERKLICH HERGESTELLT, UND SOMIT K\u00d6NNEN DIE GELIEFERTEN ARTIKEL MINIMAL IN FARBE UND GR\u00d6SSE VARIIEREN<\/h6>\n<h6>MINIMALE ABWEICHUNGEN SIND EIN QUALIT\u00c4TSMERKMAL, UND STELLEN KEINEN MANGEL DA.<\/h6>\n<h6><\/h6>\n<h6>F\u00dcR R\u00dcCKFRAGEN STEHEN WIR JEDERZEIT ZUR VERF\u00dcGUNG; GERNE PERS\u00d6NLICH, ODER AUCH AM TELEFON.<\/h6>\n","protected":false},"featured_media":383,"template":"","meta":[],"product_brand":[],"product_cat":[27,43,42,70],"product_tag":[],"class_list":{"0":"post-382","1":"product","2":"type-product","3":"status-publish","4":"has-post-thumbnail","6":"product_cat-indoor","7":"product_cat-pflanzgefaesse","8":"product_cat-steingut","9":"product_cat-vasen","10":"product_shipping_class-grosse-pakete","12":"first","13":"instock","14":"purchasable","15":"product-type-simple"},"_links":{"self":[{"href":"https:\/\/shop.mira-fleur.de\/shop\/wp-json\/wp\/v2\/product\/382","targetHints":{"allow":["GET"]}}],"collection":[{"href":"https:\/\/shop.mira-fleur.de\/shop\/wp-json\/wp\/v2\/product"}],"about":[{"href":"https:\/\/shop.mira-fleur.de\/shop\/wp-json\/wp\/v2\/types\/product"}],"wp:featuredmedia":[{"embeddable":true,"href":"https:\/\/shop.mira-fleur.de\/shop\/wp-json\/wp\/v2\/media\/383"}],"wp:attachment":[{"href":"https:\/\/shop.mira-fleur.de\/shop\/wp-json\/wp\/v2\/media?parent=382"}],"wp:term":[{"taxonomy":"product_brand","embeddable":true,"href":"https:\/\/shop.mira-fleur.de\/shop\/wp-json\/wp\/v2\/product_brand?post=382"},{"taxonomy":"product_cat","embeddable":true,"href":"https:\/\/shop.mira-fleur.de\/shop\/wp-json\/wp\/v2\/product_cat?post=382"},{"taxonomy":"product_tag","embeddable":true,"href":"https:\/\/shop.mira-fleur.de\/shop\/wp-json\/wp\/v2\/product_tag?post=382"}],"curies":[{"name":"wp","href":"https:\/\/api.w.org\/{rel}","templated":true}]}}