{"id":346,"date":"2023-07-29T15:01:27","date_gmt":"2023-07-29T13:01:27","guid":{"rendered":"https:\/\/shop.mira-fleur.de\/?post_type=product&#038;p=346"},"modified":"2024-05-23T12:54:09","modified_gmt":"2024-05-23T10:54:09","slug":"kuebel-2er-set-jade-sand","status":"publish","type":"product","link":"https:\/\/shop.mira-fleur.de\/shop\/produkt\/kuebel-2er-set-jade-sand\/","title":{"rendered":"K\u00fcbel 2er Set Jade Sand"},"content":{"rendered":"<p><img fetchpriority=\"high\" decoding=\"async\" class=\"alignnone size-medium wp-image-347\" src=\"https:\/\/shop.mira-fleur.de\/wp-content\/uploads\/2023\/07\/Kuebel_SandGruen_2erSatz_Dm36-56_KL66333_1-1-300x300.jpg\" alt=\"\" width=\"300\" height=\"300\" srcset=\"https:\/\/shop.mira-fleur.de\/wp-content\/uploads\/2023\/07\/Kuebel_SandGruen_2erSatz_Dm36-56_KL66333_1-1-300x300.jpg 300w, https:\/\/shop.mira-fleur.de\/wp-content\/uploads\/2023\/07\/Kuebel_SandGruen_2erSatz_Dm36-56_KL66333_1-1-100x100.jpg 100w, https:\/\/shop.mira-fleur.de\/wp-content\/uploads\/2023\/07\/Kuebel_SandGruen_2erSatz_Dm36-56_KL66333_1-1-600x600.jpg 600w, https:\/\/shop.mira-fleur.de\/wp-content\/uploads\/2023\/07\/Kuebel_SandGruen_2erSatz_Dm36-56_KL66333_1-1-150x150.jpg 150w, https:\/\/shop.mira-fleur.de\/wp-content\/uploads\/2023\/07\/Kuebel_SandGruen_2erSatz_Dm36-56_KL66333_1-1-768x768.jpg 768w, https:\/\/shop.mira-fleur.de\/wp-content\/uploads\/2023\/07\/Kuebel_SandGruen_2erSatz_Dm36-56_KL66333_1-1.jpg 800w\" sizes=\"(max-width: 300px) 100vw, 300px\" \/> <img decoding=\"async\" class=\"alignnone size-medium wp-image-348\" src=\"https:\/\/shop.mira-fleur.de\/wp-content\/uploads\/2023\/07\/Kuebel_SandGruen_2erSatz_Dm36-56_KL66333_2-300x300.jpg\" alt=\"\" width=\"300\" height=\"300\" srcset=\"https:\/\/shop.mira-fleur.de\/wp-content\/uploads\/2023\/07\/Kuebel_SandGruen_2erSatz_Dm36-56_KL66333_2-300x300.jpg 300w, https:\/\/shop.mira-fleur.de\/wp-content\/uploads\/2023\/07\/Kuebel_SandGruen_2erSatz_Dm36-56_KL66333_2-100x100.jpg 100w, https:\/\/shop.mira-fleur.de\/wp-content\/uploads\/2023\/07\/Kuebel_SandGruen_2erSatz_Dm36-56_KL66333_2-600x600.jpg 600w, https:\/\/shop.mira-fleur.de\/wp-content\/uploads\/2023\/07\/Kuebel_SandGruen_2erSatz_Dm36-56_KL66333_2-150x150.jpg 150w, https:\/\/shop.mira-fleur.de\/wp-content\/uploads\/2023\/07\/Kuebel_SandGruen_2erSatz_Dm36-56_KL66333_2-768x768.jpg 768w, https:\/\/shop.mira-fleur.de\/wp-content\/uploads\/2023\/07\/Kuebel_SandGruen_2erSatz_Dm36-56_KL66333_2.jpg 800w\" sizes=\"(max-width: 300px) 100vw, 300px\" \/><\/p>\n<p>K\u00fcbel 2er Set<\/p>\n<p>Farbe Jade Sand<\/p>\n<p>Durchmesser: 36 \/ 56 cm<\/p>\n<p>H\u00f6he: 35 \/ 54 cm<\/p>\n<p>Artikel Nr. KL66333<\/p>\n","protected":false},"excerpt":{"rendered":"<h4>K\u00fcbel 2er Set<\/h4>\n<h4>Farbe Jade Sand<\/h4>\n<h4>Durchmesser: 36 \/ 56 cm<\/h4>\n<h4>H\u00f6he: 35 \/ 54 cm<\/h4>\n<h4>Artikel Nr. KL66333<\/h4>\n<p>&nbsp;<\/p>\n<p>UNSERE KLEINODE SIND HANDWERKLICH HERGESTELLT, UND SOMIT K\u00d6NNEN DIE GELIEFERTEN ARTIKEL MINIMAL IN FARBE UND GR\u00d6SSE VARIIEREN<\/p>\n<p>MINIMALE ABWEICHUNGEN SIND EIN QUALIT\u00c4TSMERKMAL, UND STELLEN KEINEN MANGEL DA.<\/p>\n<p>&nbsp;<\/p>\n<p>F\u00dcR R\u00dcCKFRAGEN STEHEN WIR JEDERZEIT ZUR VERF\u00dcGUNG; GERNE PERS\u00d6NLICH, ODER AUCH AM TELEFON.<\/p>\n","protected":false},"featured_media":347,"template":"","meta":[],"product_brand":[],"product_cat":[26,43,42],"product_tag":[38,41,75,39,40,44,45,84,52],"class_list":{"0":"post-346","1":"product","2":"type-product","3":"status-publish","4":"has-post-thumbnail","6":"product_cat-outdoor","7":"product_cat-pflanzgefaesse","8":"product_cat-steingut","9":"product_tag-accessoires","10":"product_tag-gift","11":"product_tag-handwerkskunst","12":"product_tag-indoor","13":"product_tag-living","14":"product_tag-outdoor","15":"product_tag-pflanzgefaess","16":"product_tag-qualitaet","17":"product_tag-schoener-leben","18":"product_shipping_class-palette-spedition","20":"first","21":"instock","22":"purchasable","23":"product-type-simple"},"_links":{"self":[{"href":"https:\/\/shop.mira-fleur.de\/shop\/wp-json\/wp\/v2\/product\/346","targetHints":{"allow":["GET"]}}],"collection":[{"href":"https:\/\/shop.mira-fleur.de\/shop\/wp-json\/wp\/v2\/product"}],"about":[{"href":"https:\/\/shop.mira-fleur.de\/shop\/wp-json\/wp\/v2\/types\/product"}],"wp:featuredmedia":[{"embeddable":true,"href":"https:\/\/shop.mira-fleur.de\/shop\/wp-json\/wp\/v2\/media\/347"}],"wp:attachment":[{"href":"https:\/\/shop.mira-fleur.de\/shop\/wp-json\/wp\/v2\/media?parent=346"}],"wp:term":[{"taxonomy":"product_brand","embeddable":true,"href":"https:\/\/shop.mira-fleur.de\/shop\/wp-json\/wp\/v2\/product_brand?post=346"},{"taxonomy":"product_cat","embeddable":true,"href":"https:\/\/shop.mira-fleur.de\/shop\/wp-json\/wp\/v2\/product_cat?post=346"},{"taxonomy":"product_tag","embeddable":true,"href":"https:\/\/shop.mira-fleur.de\/shop\/wp-json\/wp\/v2\/product_tag?post=346"}],"curies":[{"name":"wp","href":"https:\/\/api.w.org\/{rel}","templated":true}]}}