{"id":243,"date":"2023-07-21T14:36:40","date_gmt":"2023-07-21T12:36:40","guid":{"rendered":"https:\/\/shop.mira-fleur.de\/?post_type=product&#038;p=243"},"modified":"2023-10-20T19:24:50","modified_gmt":"2023-10-20T17:24:50","slug":"herz-gluehlampe-led-rot","status":"publish","type":"product","link":"https:\/\/shop.mira-fleur.de\/shop\/produkt\/herz-gluehlampe-led-rot\/","title":{"rendered":"Herz Gl\u00fchlampe LED Rot"},"content":{"rendered":"<p><img fetchpriority=\"high\" decoding=\"async\" class=\"alignnone size-medium wp-image-244\" src=\"https:\/\/shop.mira-fleur.de\/wp-content\/uploads\/2023\/07\/Herz_Gl\ufffdhlampeLED_B16_H12_T6_E27_4W_WV54045_-300x300.jpg\" alt=\"\" width=\"300\" height=\"300\" srcset=\"https:\/\/shop.mira-fleur.de\/wp-content\/uploads\/2023\/07\/Herz_Gl\ufffdhlampeLED_B16_H12_T6_E27_4W_WV54045_-300x300.jpg 300w, https:\/\/shop.mira-fleur.de\/wp-content\/uploads\/2023\/07\/Herz_Gl\ufffdhlampeLED_B16_H12_T6_E27_4W_WV54045_-100x100.jpg 100w, https:\/\/shop.mira-fleur.de\/wp-content\/uploads\/2023\/07\/Herz_Gl\ufffdhlampeLED_B16_H12_T6_E27_4W_WV54045_-600x600.jpg 600w, https:\/\/shop.mira-fleur.de\/wp-content\/uploads\/2023\/07\/Herz_Gl\ufffdhlampeLED_B16_H12_T6_E27_4W_WV54045_-150x150.jpg 150w, https:\/\/shop.mira-fleur.de\/wp-content\/uploads\/2023\/07\/Herz_Gl\ufffdhlampeLED_B16_H12_T6_E27_4W_WV54045_-768x768.jpg 768w, https:\/\/shop.mira-fleur.de\/wp-content\/uploads\/2023\/07\/Herz_Gl\ufffdhlampeLED_B16_H12_T6_E27_4W_WV54045_.jpg 800w\" sizes=\"(max-width: 300px) 100vw, 300px\" \/><img decoding=\"async\" class=\"alignnone size-medium wp-image-245\" src=\"https:\/\/shop.mira-fleur.de\/wp-content\/uploads\/2023\/07\/Herz_Gl\ufffdhlampeLED_B16_H12_T6_E27_4W_WV54045_2-300x300.jpg\" alt=\"\" width=\"300\" height=\"300\" srcset=\"https:\/\/shop.mira-fleur.de\/wp-content\/uploads\/2023\/07\/Herz_Gl\ufffdhlampeLED_B16_H12_T6_E27_4W_WV54045_2-300x300.jpg 300w, https:\/\/shop.mira-fleur.de\/wp-content\/uploads\/2023\/07\/Herz_Gl\ufffdhlampeLED_B16_H12_T6_E27_4W_WV54045_2-100x100.jpg 100w, https:\/\/shop.mira-fleur.de\/wp-content\/uploads\/2023\/07\/Herz_Gl\ufffdhlampeLED_B16_H12_T6_E27_4W_WV54045_2-600x600.jpg 600w, https:\/\/shop.mira-fleur.de\/wp-content\/uploads\/2023\/07\/Herz_Gl\ufffdhlampeLED_B16_H12_T6_E27_4W_WV54045_2-150x150.jpg 150w, https:\/\/shop.mira-fleur.de\/wp-content\/uploads\/2023\/07\/Herz_Gl\ufffdhlampeLED_B16_H12_T6_E27_4W_WV54045_2-768x768.jpg 768w, https:\/\/shop.mira-fleur.de\/wp-content\/uploads\/2023\/07\/Herz_Gl\ufffdhlampeLED_B16_H12_T6_E27_4W_WV54045_2.jpg 800w\" sizes=\"(max-width: 300px) 100vw, 300px\" \/><\/p>\n<p>Herz Gl\u00fchlampe LED<\/p>\n<p>Farbe: Rot<\/p>\n<p>Breite: 16cm<\/p>\n<p>H\u00f6he: 12cm<\/p>\n<p>Tiefe: 6cm<\/p>\n<p>Fassung E27<\/p>\n<p>Leistung 4 Watt<\/p>\n<p>Artikel Nr. WV54045<\/p>\n","protected":false},"excerpt":{"rendered":"<h4>Herz Gl\u00fchlampe LED<\/h4>\n<p>Lieferbar ab Mitte Oktober<\/p>\n<h4>Farbe: Rot<\/h4>\n<h4>Breite: 16cm<\/h4>\n<h4>H\u00f6he: 12cm<\/h4>\n<h4>Tiefe: 6cm<\/h4>\n<h4>Fassung E27<\/h4>\n<h4>Leistung 4 Watt<\/h4>\n<h4>Artikel Nr. WV54045<\/h4>\n<p>F\u00dcR R\u00dcCKFRAGEN STEHEN WIR JEDERZEIT ZUR VERF\u00dcGUNG; GERNE PERS\u00d6NLICH, ODER AUCH AM TELEFON.<\/p>\n","protected":false},"featured_media":244,"template":"","meta":[],"product_brand":[],"product_cat":[86,79,74,27,80],"product_tag":[38,82,37,41,34,39,90,89,40,84,52,83],"class_list":{"0":"post-243","1":"product","2":"type-product","3":"status-publish","4":"has-post-thumbnail","6":"product_cat-accessoires","7":"product_cat-advent","8":"product_cat-beleuchtung","9":"product_cat-indoor","10":"product_cat-weihnachten","11":"product_tag-accessoires","12":"product_tag-advent","13":"product_tag-dekoration","14":"product_tag-gift","15":"product_tag-glas","16":"product_tag-indoor","17":"product_tag-lampen","18":"product_tag-leuchtmittel","19":"product_tag-living","20":"product_tag-qualitaet","21":"product_tag-schoener-leben","22":"product_tag-weinacht","23":"product_shipping_class-kleine-pakete","25":"first","26":"instock","27":"purchasable","28":"product-type-simple"},"_links":{"self":[{"href":"https:\/\/shop.mira-fleur.de\/shop\/wp-json\/wp\/v2\/product\/243","targetHints":{"allow":["GET"]}}],"collection":[{"href":"https:\/\/shop.mira-fleur.de\/shop\/wp-json\/wp\/v2\/product"}],"about":[{"href":"https:\/\/shop.mira-fleur.de\/shop\/wp-json\/wp\/v2\/types\/product"}],"wp:featuredmedia":[{"embeddable":true,"href":"https:\/\/shop.mira-fleur.de\/shop\/wp-json\/wp\/v2\/media\/244"}],"wp:attachment":[{"href":"https:\/\/shop.mira-fleur.de\/shop\/wp-json\/wp\/v2\/media?parent=243"}],"wp:term":[{"taxonomy":"product_brand","embeddable":true,"href":"https:\/\/shop.mira-fleur.de\/shop\/wp-json\/wp\/v2\/product_brand?post=243"},{"taxonomy":"product_cat","embeddable":true,"href":"https:\/\/shop.mira-fleur.de\/shop\/wp-json\/wp\/v2\/product_cat?post=243"},{"taxonomy":"product_tag","embeddable":true,"href":"https:\/\/shop.mira-fleur.de\/shop\/wp-json\/wp\/v2\/product_tag?post=243"}],"curies":[{"name":"wp","href":"https:\/\/api.w.org\/{rel}","templated":true}]}}