{"id":239,"date":"2023-07-21T14:13:14","date_gmt":"2023-07-21T12:13:14","guid":{"rendered":"https:\/\/shop.mira-fleur.de\/?post_type=product&#038;p=239"},"modified":"2024-06-13T14:48:23","modified_gmt":"2024-06-13T12:48:23","slug":"herz-glasherz-pink","status":"publish","type":"product","link":"https:\/\/shop.mira-fleur.de\/shop\/produkt\/herz-glasherz-pink\/","title":{"rendered":"Herz Glasherz Pink"},"content":{"rendered":"<p><img fetchpriority=\"high\" decoding=\"async\" class=\"alignnone size-medium wp-image-240\" src=\"https:\/\/shop.mira-fleur.de\/wp-content\/uploads\/2023\/07\/Herz_Glas_pink_L15_B15_T5_WV52727-300x300.jpg\" alt=\"\" width=\"300\" height=\"300\" srcset=\"https:\/\/shop.mira-fleur.de\/wp-content\/uploads\/2023\/07\/Herz_Glas_pink_L15_B15_T5_WV52727-300x300.jpg 300w, https:\/\/shop.mira-fleur.de\/wp-content\/uploads\/2023\/07\/Herz_Glas_pink_L15_B15_T5_WV52727-100x100.jpg 100w, https:\/\/shop.mira-fleur.de\/wp-content\/uploads\/2023\/07\/Herz_Glas_pink_L15_B15_T5_WV52727-600x600.jpg 600w, https:\/\/shop.mira-fleur.de\/wp-content\/uploads\/2023\/07\/Herz_Glas_pink_L15_B15_T5_WV52727-150x150.jpg 150w, https:\/\/shop.mira-fleur.de\/wp-content\/uploads\/2023\/07\/Herz_Glas_pink_L15_B15_T5_WV52727-768x768.jpg 768w, https:\/\/shop.mira-fleur.de\/wp-content\/uploads\/2023\/07\/Herz_Glas_pink_L15_B15_T5_WV52727.jpg 800w\" sizes=\"(max-width: 300px) 100vw, 300px\" \/><\/p>\n<p>Herz aus Glas zu H\u00e4ngen oder legen<\/p>\n<p>Farbe Pink<\/p>\n<p>L\u00e4nge: 15cm<\/p>\n<p>Breite: 15cm<\/p>\n<p>Tiefe: 5cm<\/p>\n<p>Artikel Nr. WV52727<\/p>\n","protected":false},"excerpt":{"rendered":"<h4>Herz aus Glas zu H\u00e4ngen oder legen<\/h4>\n<p>Lieferbar ab Mitte Oktober<\/p>\n<h4>Farbe Pink<\/h4>\n<h4>L\u00e4nge: 15cm<\/h4>\n<h4>Breite: 15cm<\/h4>\n<h4>Tiefe: 5cm<\/h4>\n<h4>Artikel Nr. WV52727<\/h4>\n<p>F\u00dcR R\u00dcCKFRAGEN STEHEN WIR JEDERZEIT ZUR VERF\u00dcGUNG; GERNE PERS\u00d6NLICH, ODER AUCH AM TELEFON.<\/p>\n","protected":false},"featured_media":240,"template":"","meta":[],"product_brand":[],"product_cat":[86,79,80],"product_tag":[38,82,88,37,41,34,40,84,52,83],"class_list":{"0":"post-239","1":"product","2":"type-product","3":"status-publish","4":"has-post-thumbnail","6":"product_cat-accessoires","7":"product_cat-advent","8":"product_cat-weihnachten","9":"product_tag-accessoires","10":"product_tag-advent","11":"product_tag-bumschmuck","12":"product_tag-dekoration","13":"product_tag-gift","14":"product_tag-glas","15":"product_tag-living","16":"product_tag-qualitaet","17":"product_tag-schoener-leben","18":"product_tag-weinacht","19":"product_shipping_class-kleine-pakete","21":"first","22":"outofstock","23":"purchasable","24":"product-type-simple"},"_links":{"self":[{"href":"https:\/\/shop.mira-fleur.de\/shop\/wp-json\/wp\/v2\/product\/239","targetHints":{"allow":["GET"]}}],"collection":[{"href":"https:\/\/shop.mira-fleur.de\/shop\/wp-json\/wp\/v2\/product"}],"about":[{"href":"https:\/\/shop.mira-fleur.de\/shop\/wp-json\/wp\/v2\/types\/product"}],"wp:featuredmedia":[{"embeddable":true,"href":"https:\/\/shop.mira-fleur.de\/shop\/wp-json\/wp\/v2\/media\/240"}],"wp:attachment":[{"href":"https:\/\/shop.mira-fleur.de\/shop\/wp-json\/wp\/v2\/media?parent=239"}],"wp:term":[{"taxonomy":"product_brand","embeddable":true,"href":"https:\/\/shop.mira-fleur.de\/shop\/wp-json\/wp\/v2\/product_brand?post=239"},{"taxonomy":"product_cat","embeddable":true,"href":"https:\/\/shop.mira-fleur.de\/shop\/wp-json\/wp\/v2\/product_cat?post=239"},{"taxonomy":"product_tag","embeddable":true,"href":"https:\/\/shop.mira-fleur.de\/shop\/wp-json\/wp\/v2\/product_tag?post=239"}],"curies":[{"name":"wp","href":"https:\/\/api.w.org\/{rel}","templated":true}]}}