{"id":218,"date":"2023-07-05T16:14:34","date_gmt":"2023-07-05T14:14:34","guid":{"rendered":"https:\/\/shop.mira-fleur.de\/?post_type=product&#038;p=218"},"modified":"2023-07-31T17:30:38","modified_gmt":"2023-07-31T15:30:38","slug":"kerze-dreidocht-karminrot","status":"publish","type":"product","link":"https:\/\/shop.mira-fleur.de\/shop\/produkt\/kerze-dreidocht-karminrot\/","title":{"rendered":"Kerze Dreidocht karminrot"},"content":{"rendered":"<p><img fetchpriority=\"high\" decoding=\"async\" class=\"alignnone size-medium wp-image-219\" src=\"https:\/\/shop.mira-fleur.de\/wp-content\/uploads\/2023\/07\/Kerze_3Dochte_H15_Dm15cm_karminrot_Kl77034-300x300.jpg\" alt=\"\" width=\"300\" height=\"300\" srcset=\"https:\/\/shop.mira-fleur.de\/wp-content\/uploads\/2023\/07\/Kerze_3Dochte_H15_Dm15cm_karminrot_Kl77034-300x300.jpg 300w, https:\/\/shop.mira-fleur.de\/wp-content\/uploads\/2023\/07\/Kerze_3Dochte_H15_Dm15cm_karminrot_Kl77034-100x100.jpg 100w, https:\/\/shop.mira-fleur.de\/wp-content\/uploads\/2023\/07\/Kerze_3Dochte_H15_Dm15cm_karminrot_Kl77034-600x600.jpg 600w, https:\/\/shop.mira-fleur.de\/wp-content\/uploads\/2023\/07\/Kerze_3Dochte_H15_Dm15cm_karminrot_Kl77034-150x150.jpg 150w, https:\/\/shop.mira-fleur.de\/wp-content\/uploads\/2023\/07\/Kerze_3Dochte_H15_Dm15cm_karminrot_Kl77034-768x768.jpg 768w, https:\/\/shop.mira-fleur.de\/wp-content\/uploads\/2023\/07\/Kerze_3Dochte_H15_Dm15cm_karminrot_Kl77034.jpg 800w\" sizes=\"(max-width: 300px) 100vw, 300px\" \/><\/p>\n<p>Kerze mit drei Dochten<\/p>\n<p>150&#215;150 mm<\/p>\n<p>Durchgef\u00e4rbt karminrot<\/p>\n<p>Brenndauer ca. 136 Stunden<\/p>\n<p>Artikel Nr Kl77034<\/p>\n","protected":false},"excerpt":{"rendered":"<h4>Kerze mit drei Dochten<\/h4>\n<h4>150&#215;150 mm<\/h4>\n<h4>Durchgef\u00e4rbt karminrot<\/h4>\n<h4>Brenndauer ca. 136 Stunden<\/h4>\n<h4>Artikel Nr Kl77034<\/h4>\n<p>F\u00dcR R\u00dcCKFRAGEN STEHEN WIR JEDERZEIT ZUR VERF\u00dcGUNG; GERNE PERS\u00d6NLICH, ODER AUCH AM TELEFON.<\/p>\n","protected":false},"featured_media":219,"template":"","meta":[],"product_brand":[],"product_cat":[79,27,69,80],"product_tag":[82,37,41,39,71,40,52,83],"class_list":{"0":"post-218","1":"product","2":"type-product","3":"status-publish","4":"has-post-thumbnail","6":"product_cat-advent","7":"product_cat-indoor","8":"product_cat-kerzen","9":"product_cat-weihnachten","10":"product_tag-advent","11":"product_tag-dekoration","12":"product_tag-gift","13":"product_tag-indoor","14":"product_tag-kerzen","15":"product_tag-living","16":"product_tag-schoener-leben","17":"product_tag-weinacht","18":"product_shipping_class-mittlere-pakete","20":"first","21":"instock","22":"taxable","23":"shipping-taxable","24":"purchasable","25":"product-type-simple"},"_links":{"self":[{"href":"https:\/\/shop.mira-fleur.de\/shop\/wp-json\/wp\/v2\/product\/218","targetHints":{"allow":["GET"]}}],"collection":[{"href":"https:\/\/shop.mira-fleur.de\/shop\/wp-json\/wp\/v2\/product"}],"about":[{"href":"https:\/\/shop.mira-fleur.de\/shop\/wp-json\/wp\/v2\/types\/product"}],"wp:featuredmedia":[{"embeddable":true,"href":"https:\/\/shop.mira-fleur.de\/shop\/wp-json\/wp\/v2\/media\/219"}],"wp:attachment":[{"href":"https:\/\/shop.mira-fleur.de\/shop\/wp-json\/wp\/v2\/media?parent=218"}],"wp:term":[{"taxonomy":"product_brand","embeddable":true,"href":"https:\/\/shop.mira-fleur.de\/shop\/wp-json\/wp\/v2\/product_brand?post=218"},{"taxonomy":"product_cat","embeddable":true,"href":"https:\/\/shop.mira-fleur.de\/shop\/wp-json\/wp\/v2\/product_cat?post=218"},{"taxonomy":"product_tag","embeddable":true,"href":"https:\/\/shop.mira-fleur.de\/shop\/wp-json\/wp\/v2\/product_tag?post=218"}],"curies":[{"name":"wp","href":"https:\/\/api.w.org\/{rel}","templated":true}]}}