{"id":209,"date":"2023-07-04T16:59:57","date_gmt":"2023-07-04T14:59:57","guid":{"rendered":"https:\/\/shop.mira-fleur.de\/?post_type=product&#038;p=209"},"modified":"2024-05-23T13:33:26","modified_gmt":"2024-05-23T11:33:26","slug":"vase-keramik-gold","status":"publish","type":"product","link":"https:\/\/shop.mira-fleur.de\/shop\/produkt\/vase-keramik-gold\/","title":{"rendered":"Vase Keramik GOLD"},"content":{"rendered":"<p><img fetchpriority=\"high\" decoding=\"async\" class=\"alignnone size-medium wp-image-210\" src=\"https:\/\/shop.mira-fleur.de\/wp-content\/uploads\/2023\/07\/Vase_Keramik_gold_Dm39_H57_Kl58134-300x300.jpg\" alt=\"\" width=\"300\" height=\"300\" srcset=\"https:\/\/shop.mira-fleur.de\/wp-content\/uploads\/2023\/07\/Vase_Keramik_gold_Dm39_H57_Kl58134-300x300.jpg 300w, https:\/\/shop.mira-fleur.de\/wp-content\/uploads\/2023\/07\/Vase_Keramik_gold_Dm39_H57_Kl58134-100x100.jpg 100w, https:\/\/shop.mira-fleur.de\/wp-content\/uploads\/2023\/07\/Vase_Keramik_gold_Dm39_H57_Kl58134-600x600.jpg 600w, https:\/\/shop.mira-fleur.de\/wp-content\/uploads\/2023\/07\/Vase_Keramik_gold_Dm39_H57_Kl58134-150x150.jpg 150w, https:\/\/shop.mira-fleur.de\/wp-content\/uploads\/2023\/07\/Vase_Keramik_gold_Dm39_H57_Kl58134-768x768.jpg 768w, https:\/\/shop.mira-fleur.de\/wp-content\/uploads\/2023\/07\/Vase_Keramik_gold_Dm39_H57_Kl58134.jpg 800w\" sizes=\"(max-width: 300px) 100vw, 300px\" \/><\/p>\n<p>Vase Gold<\/p>\n<p>Keramik<\/p>\n<p>H\u00f6he 57 cm \/ Durchmesser 39 cm<\/p>\n<p>Sehr schwere Ausf\u00fchrung<\/p>\n<p>Artikel Nr Kl58134<\/p>\n","protected":false},"excerpt":{"rendered":"<h4>Vase Gold<\/h4>\n<h4>Keramik<\/h4>\n<h4>H\u00f6he 57 cm \/ Durchmesser 39 cm<\/h4>\n<h4>Sehr schwere Ausf\u00fchrung<\/h4>\n<h4>Artikel Nr Kl58134<\/h4>\n<p>&nbsp;<\/p>\n<h6>UNSERE KLEINODE SIND HANDWERKLICH HERGESTELLT, UND SOMIT K\u00d6NNEN DIE GELIEFERTEN ARTIKEL MINIMAL IN FARBE UND GR\u00d6SSE VARIIEREN<\/h6>\n<h6>MINIMALE ABWEICHUNGEN SIND EIN QUALIT\u00c4TSMERKMAL, UND STELLEN KEINEN MANGEL DA.<\/h6>\n<h6><\/h6>\n<h6>F\u00dcR R\u00dcCKFRAGEN STEHEN WIR JEDERZEIT ZUR VERF\u00dcGUNG; GERNE PERS\u00d6NLICH, ODER AUCH AM TELEFON.<\/h6>\n","protected":false},"featured_media":210,"template":"","meta":[],"product_brand":[],"product_cat":[27,108,70],"product_tag":[38,36,37,55,52,35],"class_list":{"0":"post-209","1":"product","2":"type-product","3":"status-publish","4":"has-post-thumbnail","6":"product_cat-indoor","7":"product_cat-keramik","8":"product_cat-vasen","9":"product_tag-accessoires","10":"product_tag-blumen","11":"product_tag-dekoration","12":"product_tag-gold","13":"product_tag-schoener-leben","14":"product_tag-vase","15":"product_shipping_class-mittlere-pakete","17":"first","18":"instock","19":"taxable","20":"shipping-taxable","21":"purchasable","22":"product-type-simple"},"_links":{"self":[{"href":"https:\/\/shop.mira-fleur.de\/shop\/wp-json\/wp\/v2\/product\/209","targetHints":{"allow":["GET"]}}],"collection":[{"href":"https:\/\/shop.mira-fleur.de\/shop\/wp-json\/wp\/v2\/product"}],"about":[{"href":"https:\/\/shop.mira-fleur.de\/shop\/wp-json\/wp\/v2\/types\/product"}],"wp:featuredmedia":[{"embeddable":true,"href":"https:\/\/shop.mira-fleur.de\/shop\/wp-json\/wp\/v2\/media\/210"}],"wp:attachment":[{"href":"https:\/\/shop.mira-fleur.de\/shop\/wp-json\/wp\/v2\/media?parent=209"}],"wp:term":[{"taxonomy":"product_brand","embeddable":true,"href":"https:\/\/shop.mira-fleur.de\/shop\/wp-json\/wp\/v2\/product_brand?post=209"},{"taxonomy":"product_cat","embeddable":true,"href":"https:\/\/shop.mira-fleur.de\/shop\/wp-json\/wp\/v2\/product_cat?post=209"},{"taxonomy":"product_tag","embeddable":true,"href":"https:\/\/shop.mira-fleur.de\/shop\/wp-json\/wp\/v2\/product_tag?post=209"}],"curies":[{"name":"wp","href":"https:\/\/api.w.org\/{rel}","templated":true}]}}