{"id":148,"date":"2023-06-30T17:17:45","date_gmt":"2023-06-30T15:17:45","guid":{"rendered":"https:\/\/shop.mira-fleur.de\/?post_type=product&#038;p=148"},"modified":"2023-08-03T12:04:11","modified_gmt":"2023-08-03T10:04:11","slug":"sektglas-goldrand","status":"publish","type":"product","link":"https:\/\/shop.mira-fleur.de\/shop\/produkt\/sektglas-goldrand\/","title":{"rendered":"Sektglas Goldrand"},"content":{"rendered":"<p><img decoding=\"async\" class=\"alignnone size-medium wp-image-149\" src=\"https:\/\/shop.mira-fleur.de\/wp-content\/uploads\/2023\/06\/Sekt_ProsseccoGlas_Goldrand_H265_VE6_Kh777176938-161x300.jpg\" alt=\"\" width=\"161\" height=\"300\" srcset=\"https:\/\/shop.mira-fleur.de\/wp-content\/uploads\/2023\/06\/Sekt_ProsseccoGlas_Goldrand_H265_VE6_Kh777176938-161x300.jpg 161w, https:\/\/shop.mira-fleur.de\/wp-content\/uploads\/2023\/06\/Sekt_ProsseccoGlas_Goldrand_H265_VE6_Kh777176938-300x558.jpg 300w, https:\/\/shop.mira-fleur.de\/wp-content\/uploads\/2023\/06\/Sekt_ProsseccoGlas_Goldrand_H265_VE6_Kh777176938.jpg 430w\" sizes=\"(max-width: 161px) 100vw, 161px\" \/><img fetchpriority=\"high\" decoding=\"async\" class=\"alignnone size-medium wp-image-151\" src=\"https:\/\/shop.mira-fleur.de\/wp-content\/uploads\/2023\/06\/Sekt_ProsseccoGlas_Goldrand_Bild2-300x221.jpg\" alt=\"\" width=\"300\" height=\"221\" srcset=\"https:\/\/shop.mira-fleur.de\/wp-content\/uploads\/2023\/06\/Sekt_ProsseccoGlas_Goldrand_Bild2-300x221.jpg 300w, https:\/\/shop.mira-fleur.de\/wp-content\/uploads\/2023\/06\/Sekt_ProsseccoGlas_Goldrand_Bild2-600x442.jpg 600w, https:\/\/shop.mira-fleur.de\/wp-content\/uploads\/2023\/06\/Sekt_ProsseccoGlas_Goldrand_Bild2-768x565.jpg 768w, https:\/\/shop.mira-fleur.de\/wp-content\/uploads\/2023\/06\/Sekt_ProsseccoGlas_Goldrand_Bild2.jpg 800w\" sizes=\"(max-width: 300px) 100vw, 300px\" \/><\/p>\n<p>Sekt \/ Prosecco Glas mit GOLDRAND<\/p>\n<p>H\u00f6he 26,5 cm<\/p>\n<p>Einzelpreis 24,95 \u20ac<\/p>\n<p>VE 6 (weitere St\u00fcckzahlen gern auf Anfrage)<\/p>\n<p>Artikel Nr Kh777176938<\/p>\n","protected":false},"excerpt":{"rendered":"<h4>Sekt \/ Prosecco Glas mit GOLDRAND<\/h4>\n<h4>H\u00f6he 26,5 cm<\/h4>\n<h4><strong>Einzelpreis 24,95\u20ac<\/strong><\/h4>\n<h4>VE 6 (weitere St\u00fcckzahlen gern auf Anfrage)<\/h4>\n<h4>Artikel Nr Kh777176938<\/h4>\n<h6><\/h6>\n<div class=\"woocommerce-product-details__short-description\">\n<h6>UNSERE KLEINODE SIND HANDWERKLICH HERGESTELLT, UND SOMIT K\u00d6NNEN DIE GELIEFERTEN ARTIKEL MINIMAL IN FARBE UND GR\u00d6SSE VARIIEREN<\/h6>\n<h6>MINIMALE ABWEICHUNGEN SIND EIN QUALIT\u00c4TSMERKMAL, UND STELLEN KEINEN MANGEL DA.<\/h6>\n<h6><\/h6>\n<h6>F\u00dcR R\u00dcCKFRAGEN STEHEN WIR JEDERZEIT ZUR VERF\u00dcGUNG; GERNE PERS\u00d6NLICH, ODER AUCH AM TELEFON.<\/h6>\n<\/div>\n<div id=\"payment-method-message\"><\/div>\n","protected":false},"featured_media":149,"template":"","meta":[],"product_brand":[],"product_cat":[48,25,47,98],"product_tag":[51,34,52,50],"class_list":{"0":"post-148","1":"product","2":"type-product","3":"status-publish","4":"has-post-thumbnail","6":"product_cat-fine-dining","7":"product_cat-glas","8":"product_cat-tischkultur","9":"product_cat-verpackungseinheit_6","10":"product_tag-edle-trinkgefaesse","11":"product_tag-glas","12":"product_tag-schoener-leben","13":"product_tag-tisckultur","14":"product_shipping_class-mittlere-pakete","16":"first","17":"instock","18":"taxable","19":"shipping-taxable","20":"purchasable","21":"product-type-simple"},"_links":{"self":[{"href":"https:\/\/shop.mira-fleur.de\/shop\/wp-json\/wp\/v2\/product\/148","targetHints":{"allow":["GET"]}}],"collection":[{"href":"https:\/\/shop.mira-fleur.de\/shop\/wp-json\/wp\/v2\/product"}],"about":[{"href":"https:\/\/shop.mira-fleur.de\/shop\/wp-json\/wp\/v2\/types\/product"}],"wp:featuredmedia":[{"embeddable":true,"href":"https:\/\/shop.mira-fleur.de\/shop\/wp-json\/wp\/v2\/media\/149"}],"wp:attachment":[{"href":"https:\/\/shop.mira-fleur.de\/shop\/wp-json\/wp\/v2\/media?parent=148"}],"wp:term":[{"taxonomy":"product_brand","embeddable":true,"href":"https:\/\/shop.mira-fleur.de\/shop\/wp-json\/wp\/v2\/product_brand?post=148"},{"taxonomy":"product_cat","embeddable":true,"href":"https:\/\/shop.mira-fleur.de\/shop\/wp-json\/wp\/v2\/product_cat?post=148"},{"taxonomy":"product_tag","embeddable":true,"href":"https:\/\/shop.mira-fleur.de\/shop\/wp-json\/wp\/v2\/product_tag?post=148"}],"curies":[{"name":"wp","href":"https:\/\/api.w.org\/{rel}","templated":true}]}}