{"id":123,"date":"2023-06-24T17:07:43","date_gmt":"2023-06-24T15:07:43","guid":{"rendered":"https:\/\/shop.mira-fleur.de\/?post_type=product&#038;p=123"},"modified":"2024-05-23T13:45:18","modified_gmt":"2024-05-23T11:45:18","slug":"amphore-terrakotta-antik-groesse-l","status":"publish","type":"product","link":"https:\/\/shop.mira-fleur.de\/shop\/produkt\/amphore-terrakotta-antik-groesse-l\/","title":{"rendered":"Amphore Terrakotta Antik Gr\u00f6\u00dfe L"},"content":{"rendered":"<p><img fetchpriority=\"high\" decoding=\"async\" class=\"alignnone size-medium wp-image-124\" src=\"https:\/\/shop.mira-fleur.de\/wp-content\/uploads\/2023\/06\/Amphore_D51cmH52cm_antikterra_KL93169-300x300.jpg\" alt=\"\" width=\"300\" height=\"300\" srcset=\"https:\/\/shop.mira-fleur.de\/wp-content\/uploads\/2023\/06\/Amphore_D51cmH52cm_antikterra_KL93169-300x300.jpg 300w, https:\/\/shop.mira-fleur.de\/wp-content\/uploads\/2023\/06\/Amphore_D51cmH52cm_antikterra_KL93169-100x100.jpg 100w, https:\/\/shop.mira-fleur.de\/wp-content\/uploads\/2023\/06\/Amphore_D51cmH52cm_antikterra_KL93169-600x600.jpg 600w, https:\/\/shop.mira-fleur.de\/wp-content\/uploads\/2023\/06\/Amphore_D51cmH52cm_antikterra_KL93169-150x150.jpg 150w, https:\/\/shop.mira-fleur.de\/wp-content\/uploads\/2023\/06\/Amphore_D51cmH52cm_antikterra_KL93169-768x768.jpg 768w, https:\/\/shop.mira-fleur.de\/wp-content\/uploads\/2023\/06\/Amphore_D51cmH52cm_antikterra_KL93169.jpg 800w\" sizes=\"(max-width: 300px) 100vw, 300px\" \/><\/p>\n<p>Amphore Terrakotta Antik Optik<\/p>\n<p>Durchmesser 51 cm<\/p>\n<p>H\u00f6he 52 cm<\/p>\n<p>Artikel Nr. KL93169<\/p>\n","protected":false},"excerpt":{"rendered":"<h4>Amphore Terrakotta Antik Optik<\/h4>\n<h4>Durchmesser 51 cm<\/h4>\n<h4>H\u00f6he 52 cm<\/h4>\n<h4>Artikel Nr. KL93169<\/h4>\n<h4><\/h4>\n<h6>Unsere Kleinode sind handwerklich hergestellt, und somit k\u00f6nnen die gelieferten Artikel minimal in Farbe und Gr\u00f6\u00dfe variieren.<\/h6>\n<h6>Minimale Abweichungen sind ein Qualit\u00e4tsmerkmal, und stellen keinen Mangel da.<\/h6>\n<h6><\/h6>\n<h6>F\u00fcr R\u00fcckfragen stehen wir jederzeit zur Verf\u00fcgung; gerne pers\u00f6nlich, oder auch am Telefon.<\/h6>\n","protected":false},"featured_media":124,"template":"","meta":[],"product_brand":[],"product_cat":[26,43,42],"product_tag":[38,37,41,40,44,45],"class_list":{"0":"post-123","1":"product","2":"type-product","3":"status-publish","4":"has-post-thumbnail","6":"product_cat-outdoor","7":"product_cat-pflanzgefaesse","8":"product_cat-steingut","9":"product_tag-accessoires","10":"product_tag-dekoration","11":"product_tag-gift","12":"product_tag-living","13":"product_tag-outdoor","14":"product_tag-pflanzgefaess","15":"product_shipping_class-palette-spedition","17":"first","18":"instock","19":"taxable","20":"shipping-taxable","21":"purchasable","22":"product-type-simple"},"_links":{"self":[{"href":"https:\/\/shop.mira-fleur.de\/shop\/wp-json\/wp\/v2\/product\/123","targetHints":{"allow":["GET"]}}],"collection":[{"href":"https:\/\/shop.mira-fleur.de\/shop\/wp-json\/wp\/v2\/product"}],"about":[{"href":"https:\/\/shop.mira-fleur.de\/shop\/wp-json\/wp\/v2\/types\/product"}],"wp:featuredmedia":[{"embeddable":true,"href":"https:\/\/shop.mira-fleur.de\/shop\/wp-json\/wp\/v2\/media\/124"}],"wp:attachment":[{"href":"https:\/\/shop.mira-fleur.de\/shop\/wp-json\/wp\/v2\/media?parent=123"}],"wp:term":[{"taxonomy":"product_brand","embeddable":true,"href":"https:\/\/shop.mira-fleur.de\/shop\/wp-json\/wp\/v2\/product_brand?post=123"},{"taxonomy":"product_cat","embeddable":true,"href":"https:\/\/shop.mira-fleur.de\/shop\/wp-json\/wp\/v2\/product_cat?post=123"},{"taxonomy":"product_tag","embeddable":true,"href":"https:\/\/shop.mira-fleur.de\/shop\/wp-json\/wp\/v2\/product_tag?post=123"}],"curies":[{"name":"wp","href":"https:\/\/api.w.org\/{rel}","templated":true}]}}

Amphore Terrakotta Antik Größe L

<p><img fetchpriority="high" decoding="async" class="alignnone size-medium wp-image-124" src="https://shop.mira-fleur.de/wp-content/uploads/2023/06/Amphore_D51cmH52cm_antikterra_KL93169-300x300.jpg" alt="" width="300" height="300" srcset="https://shop.mira-fleur.de/wp-content/uploads/2023/06/Amphore_D51cmH52cm_antikterra_KL93169-300x300.jpg 300w, https://shop.mira-fleur.de/wp-content/uploads/2023/06/Amphore_D51cmH52cm_antikterra_KL93169-100x100.jpg 100w, https://shop.mira-fleur.de/wp-content/uploads/2023/06/Amphore_D51cmH52cm_antikterra_KL93169-600x600.jpg 600w, https://shop.mira-fleur.de/wp-content/uploads/2023/06/Amphore_D51cmH52cm_antikterra_KL93169-150x150.jpg 150w, https://shop.mira-fleur.de/wp-content/uploads/2023/06/Amphore_D51cmH52cm_antikterra_KL93169-768x768.jpg 768w, https://shop.mira-fleur.de/wp-content/uploads/2023/06/Amphore_D51cmH52cm_antikterra_KL93169.jpg 800w" sizes="(max-width: 300px) 100vw, 300px" /></p>
<p>Amphore Terrakotta Antik Optik</p>
<p>Durchmesser 51 cm</p>
<p>Höhe 52 cm</p>
<p>Artikel Nr. KL93169</p>

<h4>Amphore Terrakotta Antik Optik</h4>
<h4>Durchmesser 51 cm</h4>
<h4>Höhe 52 cm</h4>
<h4>Artikel Nr. KL93169</h4>
<h4></h4>
<h6>Unsere Kleinode sind handwerklich hergestellt, und somit können die gelieferten Artikel minimal in Farbe und Größe variieren.</h6>
<h6>Minimale Abweichungen sind ein Qualitätsmerkmal, und stellen keinen Mangel da.</h6>
<h6></h6>
<h6>Für Rückfragen stehen wir jederzeit zur Verfügung; gerne persönlich, oder auch am Telefon.</h6>
